{"version":"1.0","provider_name":"3e mill\u00e9naire - Spiritualit\u00e9 - Connaissance de soi - Non-dualit\u00e9 - M\u00e9ditation","provider_url":"https:\/\/www.revue3emillenaire.com\/blog","title":"Faut-il tout repenser ? Par Alethea Black - 3e mill\u00e9naire - Spiritualit\u00e9 - Connaissance de soi - Non-dualit\u00e9 - M\u00e9ditation","type":"rich","width":600,"height":338,"html":"<blockquote class=\"wp-embedded-content\" data-secret=\"9ZGbmrMiEP\"><a href=\"https:\/\/www.revue3emillenaire.com\/blog\/faut-il-tout-repenser-par-alethea-black\/\">Faut-il tout repenser ? Par Alethea Black<\/a><\/blockquote><iframe sandbox=\"allow-scripts\" security=\"restricted\" src=\"https:\/\/www.revue3emillenaire.com\/blog\/faut-il-tout-repenser-par-alethea-black\/embed\/#?secret=9ZGbmrMiEP\" width=\"600\" height=\"338\" title=\"\u00ab\u00a0Faut-il tout repenser ? Par Alethea Black\u00a0\u00bb &#8212; 3e mill\u00e9naire - Spiritualit\u00e9 - Connaissance de soi - Non-dualit\u00e9 - M\u00e9ditation\" data-secret=\"9ZGbmrMiEP\" frameborder=\"0\" marginwidth=\"0\" marginheight=\"0\" scrolling=\"no\" class=\"wp-embedded-content\"><\/iframe><script type=\"text\/javascript\">\n\/* <![CDATA[ *\/\n\/*! This file is auto-generated *\/\n!function(d,l){\"use strict\";l.querySelector&&d.addEventListener&&\"undefined\"!=typeof URL&&(d.wp=d.wp||{},d.wp.receiveEmbedMessage||(d.wp.receiveEmbedMessage=function(e){var t=e.data;if((t||t.secret||t.message||t.value)&&!\/[^a-zA-Z0-9]\/.test(t.secret)){for(var s,r,n,a=l.querySelectorAll('iframe[data-secret=\"'+t.secret+'\"]'),o=l.querySelectorAll('blockquote[data-secret=\"'+t.secret+'\"]'),c=new RegExp(\"^https?:$\",\"i\"),i=0;i<o.length;i++)o[i].style.display=\"none\";for(i=0;i<a.length;i++)s=a[i],e.source===s.contentWindow&&(s.removeAttribute(\"style\"),\"height\"===t.message?(1e3<(r=parseInt(t.value,10))?r=1e3:~~r<200&&(r=200),s.height=r):\"link\"===t.message&&(r=new URL(s.getAttribute(\"src\")),n=new URL(t.value),c.test(n.protocol))&&n.host===r.host&&l.activeElement===s&&(d.top.location.href=t.value))}},d.addEventListener(\"message\",d.wp.receiveEmbedMessage,!1),l.addEventListener(\"DOMContentLoaded\",function(){for(var e,t,s=l.querySelectorAll(\"iframe.wp-embedded-content\"),r=0;r<s.length;r++)(t=(e=s[r]).getAttribute(\"data-secret\"))||(t=Math.random().toString(36).substring(2,12),e.src+=\"#?secret=\"+t,e.setAttribute(\"data-secret\",t)),e.contentWindow.postMessage({message:\"ready\",secret:t},\"*\")},!1)))}(window,document);\n\/\/# sourceURL=https:\/\/www.revue3emillenaire.com\/blog\/wp-includes\/js\/wp-embed.min.js\n\/* ]]> *\/\n<\/script>\n","thumbnail_url":"https:\/\/www.revue3emillenaire.com\/blog\/wp-content\/uploads\/2025\/11\/Alethea-Black.jpg","thumbnail_width":310,"thumbnail_height":326,"description":"Nous savons, gr\u00e2ce aux sciences cognitives et aux neurosciences, que le cerveau n\u2019est pas un observateur passif, comme une lentille de cam\u00e9ra. Le cerveau compose activement ce que nous percevons. Pourtant, nous persistons, dans toutes nos entreprises \u2013 de la tentative de gu\u00e9rir le cancer \u00e0 la conception d\u2019une th\u00e9orie unifi\u00e9e \u2013 \u00e0 fonctionner \u00e0 partir d\u2019une perspective mat\u00e9rialiste. Peut-\u00eatre cela doit-il changer."}

3e millénaire - Spiritualité - Connaissance de soi - Non-dualité - Méditation

Faut-il tout repenser ? Par Alethea Black - 3e millénaire - Spiritualité - Connaissance de soi - Non-dualité - Méditation

<blockquote class="wp-embedded-content" data-secret="9ZGbmrMiEP"><a href="https://www.revue3emillenaire.com/blog/faut-il-tout-repenser-par-alethea-black/">Faut-il tout repenser ? Par Alethea Black</a></blockquote><iframe sandbox="allow-scripts" security="restricted" src="https://www.revue3emillenaire.com/blog/faut-il-tout-repenser-par-alethea-black/embed/#?secret=9ZGbmrMiEP" width="600" height="338" title="« Faut-il tout repenser ? Par Alethea Black » &#8212; 3e millénaire - Spiritualité - Connaissance de soi - Non-dualité - Méditation" data-secret="9ZGbmrMiEP" frameborder="0" marginwidth="0" marginheight="0" scrolling="no" class="wp-embedded-content"></iframe><script type="text/javascript">
/* <![CDATA[ */
/*! This file is auto-generated */
!function(d,l){"use strict";l.querySelector&&d.addEventListener&&"undefined"!=typeof URL&&(d.wp=d.wp||{},d.wp.receiveEmbedMessage||(d.wp.receiveEmbedMessage=function(e){var t=e.data;if((t||t.secret||t.message||t.value)&&!/[^a-zA-Z0-9]/.test(t.secret)){for(var s,r,n,a=l.querySelectorAll('iframe[data-secret="'+t.secret+'"]'),o=l.querySelectorAll('blockquote[data-secret="'+t.secret+'"]'),c=new RegExp("^https?:$","i"),i=0;i<o.length;i++)o[i].style.display="none";for(i=0;i<a.length;i++)s=a[i],e.source===s.contentWindow&&(s.removeAttribute("style"),"height"===t.message?(1e3<(r=parseInt(t.value,10))?r=1e3:~~r<200&&(r=200),s.height=r):"link"===t.message&&(r=new URL(s.getAttribute("src")),n=new URL(t.value),c.test(n.protocol))&&n.host===r.host&&l.activeElement===s&&(d.top.location.href=t.value))}},d.addEventListener("message",d.wp.receiveEmbedMessage,!1),l.addEventListener("DOMContentLoaded",function(){for(var e,t,s=l.querySelectorAll("iframe.wp-embedded-content"),r=0;r<s.length;r++)(t=(e=s[r]).getAttribute("data-secret"))||(t=Math.random().toString(36).substring(2,12),e.src+="#?secret="+t,e.setAttribute("data-secret",t)),e.contentWindow.postMessage({message:"ready",secret:t},"*")},!1)))}(window,document);
//# sourceURL=https://www.revue3emillenaire.com/blog/wp-includes/js/wp-embed.min.js
/* ]]> */
</script>

Nous savons, grâce aux sciences cognitives et aux neurosciences, que le cerveau n’est pas un observateur passif, comme une lentille de caméra. Le cerveau compose activement ce que nous percevons. Pourtant, nous persistons, dans toutes nos entreprises – de la tentative de guérir le cancer à la conception d’une théorie unifiée – à fonctionner à partir d’une perspective matérialiste. Peut-être cela doit-il changer.
