{"version":"1.0","provider_name":"3e mill\u00e9naire - Spiritualit\u00e9 - Connaissance de soi - Non-dualit\u00e9 - M\u00e9ditation","provider_url":"https:\/\/www.revue3emillenaire.com\/blog","title":"J'ai peur de mon ombre par Christian Charri\u00e8re - 3e mill\u00e9naire - Spiritualit\u00e9 - Connaissance de soi - Non-dualit\u00e9 - M\u00e9ditation","type":"rich","width":600,"height":338,"html":"<blockquote class=\"wp-embedded-content\" data-secret=\"xL0n5AO2Lt\"><a href=\"https:\/\/www.revue3emillenaire.com\/blog\/jai-peur-de-mon-ombre-par-christian-charriere\/\">J&rsquo;ai peur de mon ombre par Christian Charri\u00e8re<\/a><\/blockquote><iframe sandbox=\"allow-scripts\" security=\"restricted\" src=\"https:\/\/www.revue3emillenaire.com\/blog\/jai-peur-de-mon-ombre-par-christian-charriere\/embed\/#?secret=xL0n5AO2Lt\" width=\"600\" height=\"338\" title=\"\u00ab\u00a0J&rsquo;ai peur de mon ombre par Christian Charri\u00e8re\u00a0\u00bb &#8212; 3e mill\u00e9naire - Spiritualit\u00e9 - Connaissance de soi - Non-dualit\u00e9 - M\u00e9ditation\" data-secret=\"xL0n5AO2Lt\" frameborder=\"0\" marginwidth=\"0\" marginheight=\"0\" scrolling=\"no\" class=\"wp-embedded-content\"><\/iframe><script type=\"text\/javascript\">\n\/* <![CDATA[ *\/\n\/*! This file is auto-generated *\/\n!function(d,l){\"use strict\";l.querySelector&&d.addEventListener&&\"undefined\"!=typeof URL&&(d.wp=d.wp||{},d.wp.receiveEmbedMessage||(d.wp.receiveEmbedMessage=function(e){var t=e.data;if((t||t.secret||t.message||t.value)&&!\/[^a-zA-Z0-9]\/.test(t.secret)){for(var s,r,n,a=l.querySelectorAll('iframe[data-secret=\"'+t.secret+'\"]'),o=l.querySelectorAll('blockquote[data-secret=\"'+t.secret+'\"]'),c=new RegExp(\"^https?:$\",\"i\"),i=0;i<o.length;i++)o[i].style.display=\"none\";for(i=0;i<a.length;i++)s=a[i],e.source===s.contentWindow&&(s.removeAttribute(\"style\"),\"height\"===t.message?(1e3<(r=parseInt(t.value,10))?r=1e3:~~r<200&&(r=200),s.height=r):\"link\"===t.message&&(r=new URL(s.getAttribute(\"src\")),n=new URL(t.value),c.test(n.protocol))&&n.host===r.host&&l.activeElement===s&&(d.top.location.href=t.value))}},d.addEventListener(\"message\",d.wp.receiveEmbedMessage,!1),l.addEventListener(\"DOMContentLoaded\",function(){for(var e,t,s=l.querySelectorAll(\"iframe.wp-embedded-content\"),r=0;r<s.length;r++)(t=(e=s[r]).getAttribute(\"data-secret\"))||(t=Math.random().toString(36).substring(2,12),e.src+=\"#?secret=\"+t,e.setAttribute(\"data-secret\",t)),e.contentWindow.postMessage({message:\"ready\",secret:t},\"*\")},!1)))}(window,document);\n\/\/# sourceURL=https:\/\/www.revue3emillenaire.com\/blog\/wp-includes\/js\/wp-embed.min.js\n\/* ]]> *\/\n<\/script>\n","description":"J'avais peur de mon ombre, j'avais peur de tout ce qui en moi n'\u00e9tait pas pr\u00e9sentable : faiblesse, instinctivit\u00e9, \u00e9motion et, tendues vers l'autre, jusqu'aux deux mains qui s'ouvrent sur le petit lapin blanc d'un amour. Je voulais avancer dans la vie d'une d\u00e9marche impitoyable et sans rien qui me f\u00eet chanceler. C'est pourquoi, tel le h\u00e9ros de Chamisso, je m'\u00e9tais s\u00e9par\u00e9 de mon ombre au premier carrefour. Mais on ne peut vraiment la r\u00e9pudier. \u00c0 pas de loup elle revient vous assassiner au coin des bois. Mieux vaut l'accueillir en notre demeure et lui offrir ce qu'elle demande..."}

3e millénaire - Spiritualité - Connaissance de soi - Non-dualité - Méditation

J'ai peur de mon ombre par Christian Charrière - 3e millénaire - Spiritualité - Connaissance de soi - Non-dualité - Méditation

<blockquote class="wp-embedded-content" data-secret="xL0n5AO2Lt"><a href="https://www.revue3emillenaire.com/blog/jai-peur-de-mon-ombre-par-christian-charriere/">J&rsquo;ai peur de mon ombre par Christian Charrière</a></blockquote><iframe sandbox="allow-scripts" security="restricted" src="https://www.revue3emillenaire.com/blog/jai-peur-de-mon-ombre-par-christian-charriere/embed/#?secret=xL0n5AO2Lt" width="600" height="338" title="« J&rsquo;ai peur de mon ombre par Christian Charrière » &#8212; 3e millénaire - Spiritualité - Connaissance de soi - Non-dualité - Méditation" data-secret="xL0n5AO2Lt" frameborder="0" marginwidth="0" marginheight="0" scrolling="no" class="wp-embedded-content"></iframe><script type="text/javascript">
/* <![CDATA[ */
/*! This file is auto-generated */
!function(d,l){"use strict";l.querySelector&&d.addEventListener&&"undefined"!=typeof URL&&(d.wp=d.wp||{},d.wp.receiveEmbedMessage||(d.wp.receiveEmbedMessage=function(e){var t=e.data;if((t||t.secret||t.message||t.value)&&!/[^a-zA-Z0-9]/.test(t.secret)){for(var s,r,n,a=l.querySelectorAll('iframe[data-secret="'+t.secret+'"]'),o=l.querySelectorAll('blockquote[data-secret="'+t.secret+'"]'),c=new RegExp("^https?:$","i"),i=0;i<o.length;i++)o[i].style.display="none";for(i=0;i<a.length;i++)s=a[i],e.source===s.contentWindow&&(s.removeAttribute("style"),"height"===t.message?(1e3<(r=parseInt(t.value,10))?r=1e3:~~r<200&&(r=200),s.height=r):"link"===t.message&&(r=new URL(s.getAttribute("src")),n=new URL(t.value),c.test(n.protocol))&&n.host===r.host&&l.activeElement===s&&(d.top.location.href=t.value))}},d.addEventListener("message",d.wp.receiveEmbedMessage,!1),l.addEventListener("DOMContentLoaded",function(){for(var e,t,s=l.querySelectorAll("iframe.wp-embedded-content"),r=0;r<s.length;r++)(t=(e=s[r]).getAttribute("data-secret"))||(t=Math.random().toString(36).substring(2,12),e.src+="#?secret="+t,e.setAttribute("data-secret",t)),e.contentWindow.postMessage({message:"ready",secret:t},"*")},!1)))}(window,document);
//# sourceURL=https://www.revue3emillenaire.com/blog/wp-includes/js/wp-embed.min.js
/* ]]> */
</script>

J'avais peur de mon ombre, j'avais peur de tout ce qui en moi n'était pas présentable : faiblesse, instinctivité, émotion et, tendues vers l'autre, jusqu'aux deux mains qui s'ouvrent sur le petit lapin blanc d'un amour. Je voulais avancer dans la vie d'une démarche impitoyable et sans rien qui me fît chanceler. C'est pourquoi, tel le héros de Chamisso, je m'étais séparé de mon ombre au premier carrefour. Mais on ne peut vraiment la répudier. À pas de loup elle revient vous assassiner au coin des bois. Mieux vaut l'accueillir en notre demeure et lui offrir ce qu'elle demande...
