{"version":"1.0","provider_name":"3e mill\u00e9naire - Spiritualit\u00e9 - Connaissance de soi - Non-dualit\u00e9 - M\u00e9ditation","provider_url":"https:\/\/www.revue3emillenaire.com\/blog","title":"La distance et la s\u00e9r\u00e9nit\u00e9 par Louis Pauwels - 3e mill\u00e9naire - Spiritualit\u00e9 - Connaissance de soi - Non-dualit\u00e9 - M\u00e9ditation","type":"rich","width":600,"height":338,"html":"<blockquote class=\"wp-embedded-content\" data-secret=\"5HO0yGpwhy\"><a href=\"https:\/\/www.revue3emillenaire.com\/blog\/la-distance-et-la-serenite-par-louis-pauwels\/\">La distance et la s\u00e9r\u00e9nit\u00e9 par Louis Pauwels<\/a><\/blockquote><iframe sandbox=\"allow-scripts\" security=\"restricted\" src=\"https:\/\/www.revue3emillenaire.com\/blog\/la-distance-et-la-serenite-par-louis-pauwels\/embed\/#?secret=5HO0yGpwhy\" width=\"600\" height=\"338\" title=\"\u00ab\u00a0La distance et la s\u00e9r\u00e9nit\u00e9 par Louis Pauwels\u00a0\u00bb &#8212; 3e mill\u00e9naire - Spiritualit\u00e9 - Connaissance de soi - Non-dualit\u00e9 - M\u00e9ditation\" data-secret=\"5HO0yGpwhy\" frameborder=\"0\" marginwidth=\"0\" marginheight=\"0\" scrolling=\"no\" class=\"wp-embedded-content\"><\/iframe><script type=\"text\/javascript\">\n\/* <![CDATA[ *\/\n\/*! This file is auto-generated *\/\n!function(d,l){\"use strict\";l.querySelector&&d.addEventListener&&\"undefined\"!=typeof URL&&(d.wp=d.wp||{},d.wp.receiveEmbedMessage||(d.wp.receiveEmbedMessage=function(e){var t=e.data;if((t||t.secret||t.message||t.value)&&!\/[^a-zA-Z0-9]\/.test(t.secret)){for(var s,r,n,a=l.querySelectorAll('iframe[data-secret=\"'+t.secret+'\"]'),o=l.querySelectorAll('blockquote[data-secret=\"'+t.secret+'\"]'),c=new RegExp(\"^https?:$\",\"i\"),i=0;i<o.length;i++)o[i].style.display=\"none\";for(i=0;i<a.length;i++)s=a[i],e.source===s.contentWindow&&(s.removeAttribute(\"style\"),\"height\"===t.message?(1e3<(r=parseInt(t.value,10))?r=1e3:~~r<200&&(r=200),s.height=r):\"link\"===t.message&&(r=new URL(s.getAttribute(\"src\")),n=new URL(t.value),c.test(n.protocol))&&n.host===r.host&&l.activeElement===s&&(d.top.location.href=t.value))}},d.addEventListener(\"message\",d.wp.receiveEmbedMessage,!1),l.addEventListener(\"DOMContentLoaded\",function(){for(var e,t,s=l.querySelectorAll(\"iframe.wp-embedded-content\"),r=0;r<s.length;r++)(t=(e=s[r]).getAttribute(\"data-secret\"))||(t=Math.random().toString(36).substring(2,12),e.src+=\"#?secret=\"+t,e.setAttribute(\"data-secret\",t)),e.contentWindow.postMessage({message:\"ready\",secret:t},\"*\")},!1)))}(window,document);\n\/\/# sourceURL=https:\/\/www.revue3emillenaire.com\/blog\/wp-includes\/js\/wp-embed.min.js\n\/* ]]> *\/\n<\/script>\n","description":"Vivre en cherchant le supr\u00eame bien dans l\u2019\u00e9galit\u00e9 d\u2019\u00e2me. Egalit\u00e9 d\u2019\u00e2me en toutes circonstances dans ce monde. Egalit\u00e9 d\u2019\u00e2me dans les combats. Egalit\u00e9 d\u2019\u00e2me dans les chagrins et les bonheurs, les mis\u00e8res et les fastes de ce monde. Certainement, il y a la soci\u00e9t\u00e9, il y a la politique. Mais, ou bien je ne suis qu\u2019un homme-dans-l\u2019histoire, et je n\u2019existe que par mes engagements. Ou bien ma part la plus profonde n\u2019est pas dans l\u2019histoire. Et, dans ce cas, je donnerai au monde, \u00e0 la soci\u00e9t\u00e9, \u00e0 la politique, \u00e0 l\u2019histoire ce qu\u2019il faut bien donner. Mais \u00e0 distance et sans passion. Il m\u2019arrivera de prendre parti. Mais je douterai d\u2019avoir raison. Il m\u2019arrivera d\u2019agir. Mais je douterai des fruits de l\u2019action. Et s\u2019il arrive que j\u2019y mette de la passion (sait-on jamais !), il y aura encore ma part profonde qui ne se passionnera pas pour cette passion."}

3e millénaire - Spiritualité - Connaissance de soi - Non-dualité - Méditation

La distance et la sérénité par Louis Pauwels - 3e millénaire - Spiritualité - Connaissance de soi - Non-dualité - Méditation

<blockquote class="wp-embedded-content" data-secret="5HO0yGpwhy"><a href="https://www.revue3emillenaire.com/blog/la-distance-et-la-serenite-par-louis-pauwels/">La distance et la sérénité par Louis Pauwels</a></blockquote><iframe sandbox="allow-scripts" security="restricted" src="https://www.revue3emillenaire.com/blog/la-distance-et-la-serenite-par-louis-pauwels/embed/#?secret=5HO0yGpwhy" width="600" height="338" title="« La distance et la sérénité par Louis Pauwels » &#8212; 3e millénaire - Spiritualité - Connaissance de soi - Non-dualité - Méditation" data-secret="5HO0yGpwhy" frameborder="0" marginwidth="0" marginheight="0" scrolling="no" class="wp-embedded-content"></iframe><script type="text/javascript">
/* <![CDATA[ */
/*! This file is auto-generated */
!function(d,l){"use strict";l.querySelector&&d.addEventListener&&"undefined"!=typeof URL&&(d.wp=d.wp||{},d.wp.receiveEmbedMessage||(d.wp.receiveEmbedMessage=function(e){var t=e.data;if((t||t.secret||t.message||t.value)&&!/[^a-zA-Z0-9]/.test(t.secret)){for(var s,r,n,a=l.querySelectorAll('iframe[data-secret="'+t.secret+'"]'),o=l.querySelectorAll('blockquote[data-secret="'+t.secret+'"]'),c=new RegExp("^https?:$","i"),i=0;i<o.length;i++)o[i].style.display="none";for(i=0;i<a.length;i++)s=a[i],e.source===s.contentWindow&&(s.removeAttribute("style"),"height"===t.message?(1e3<(r=parseInt(t.value,10))?r=1e3:~~r<200&&(r=200),s.height=r):"link"===t.message&&(r=new URL(s.getAttribute("src")),n=new URL(t.value),c.test(n.protocol))&&n.host===r.host&&l.activeElement===s&&(d.top.location.href=t.value))}},d.addEventListener("message",d.wp.receiveEmbedMessage,!1),l.addEventListener("DOMContentLoaded",function(){for(var e,t,s=l.querySelectorAll("iframe.wp-embedded-content"),r=0;r<s.length;r++)(t=(e=s[r]).getAttribute("data-secret"))||(t=Math.random().toString(36).substring(2,12),e.src+="#?secret="+t,e.setAttribute("data-secret",t)),e.contentWindow.postMessage({message:"ready",secret:t},"*")},!1)))}(window,document);
//# sourceURL=https://www.revue3emillenaire.com/blog/wp-includes/js/wp-embed.min.js
/* ]]> */
</script>

Vivre en cherchant le suprême bien dans l’égalité d’âme. Egalité d’âme en toutes circonstances dans ce monde. Egalité d’âme dans les combats. Egalité d’âme dans les chagrins et les bonheurs, les misères et les fastes de ce monde. Certainement, il y a la société, il y a la politique. Mais, ou bien je ne suis qu’un homme-dans-l’histoire, et je n’existe que par mes engagements. Ou bien ma part la plus profonde n’est pas dans l’histoire. Et, dans ce cas, je donnerai au monde, à la société, à la politique, à l’histoire ce qu’il faut bien donner. Mais à distance et sans passion. Il m’arrivera de prendre parti. Mais je douterai d’avoir raison. Il m’arrivera d’agir. Mais je douterai des fruits de l’action. Et s’il arrive que j’y mette de la passion (sait-on jamais !), il y aura encore ma part profonde qui ne se passionnera pas pour cette passion.
