{"version":"1.0","provider_name":"3e mill\u00e9naire - Spiritualit\u00e9 - Connaissance de soi - Non-dualit\u00e9 - M\u00e9ditation","provider_url":"https:\/\/www.revue3emillenaire.com\/blog","title":"La mascarade des si\u00e8cles par Aim\u00e9 Michel - 3e mill\u00e9naire - Spiritualit\u00e9 - Connaissance de soi - Non-dualit\u00e9 - M\u00e9ditation","type":"rich","width":600,"height":338,"html":"<blockquote class=\"wp-embedded-content\" data-secret=\"DLMCe31c7L\"><a href=\"https:\/\/www.revue3emillenaire.com\/blog\/la-mascarade-des-siecles-par-aime-michel\/\">La mascarade des si\u00e8cles par Aim\u00e9 Michel<\/a><\/blockquote><iframe sandbox=\"allow-scripts\" security=\"restricted\" src=\"https:\/\/www.revue3emillenaire.com\/blog\/la-mascarade-des-siecles-par-aime-michel\/embed\/#?secret=DLMCe31c7L\" width=\"600\" height=\"338\" title=\"\u00ab\u00a0La mascarade des si\u00e8cles par Aim\u00e9 Michel\u00a0\u00bb &#8212; 3e mill\u00e9naire - Spiritualit\u00e9 - Connaissance de soi - Non-dualit\u00e9 - M\u00e9ditation\" data-secret=\"DLMCe31c7L\" frameborder=\"0\" marginwidth=\"0\" marginheight=\"0\" scrolling=\"no\" class=\"wp-embedded-content\"><\/iframe><script type=\"text\/javascript\">\n\/* <![CDATA[ *\/\n\/*! This file is auto-generated *\/\n!function(d,l){\"use strict\";l.querySelector&&d.addEventListener&&\"undefined\"!=typeof URL&&(d.wp=d.wp||{},d.wp.receiveEmbedMessage||(d.wp.receiveEmbedMessage=function(e){var t=e.data;if((t||t.secret||t.message||t.value)&&!\/[^a-zA-Z0-9]\/.test(t.secret)){for(var s,r,n,a=l.querySelectorAll('iframe[data-secret=\"'+t.secret+'\"]'),o=l.querySelectorAll('blockquote[data-secret=\"'+t.secret+'\"]'),c=new RegExp(\"^https?:$\",\"i\"),i=0;i<o.length;i++)o[i].style.display=\"none\";for(i=0;i<a.length;i++)s=a[i],e.source===s.contentWindow&&(s.removeAttribute(\"style\"),\"height\"===t.message?(1e3<(r=parseInt(t.value,10))?r=1e3:~~r<200&&(r=200),s.height=r):\"link\"===t.message&&(r=new URL(s.getAttribute(\"src\")),n=new URL(t.value),c.test(n.protocol))&&n.host===r.host&&l.activeElement===s&&(d.top.location.href=t.value))}},d.addEventListener(\"message\",d.wp.receiveEmbedMessage,!1),l.addEventListener(\"DOMContentLoaded\",function(){for(var e,t,s=l.querySelectorAll(\"iframe.wp-embedded-content\"),r=0;r<s.length;r++)(t=(e=s[r]).getAttribute(\"data-secret\"))||(t=Math.random().toString(36).substring(2,12),e.src+=\"#?secret=\"+t,e.setAttribute(\"data-secret\",t)),e.contentWindow.postMessage({message:\"ready\",secret:t},\"*\")},!1)))}(window,document);\n\/\/# sourceURL=https:\/\/www.revue3emillenaire.com\/blog\/wp-includes\/js\/wp-embed.min.js\n\/* ]]> *\/\n<\/script>\n","description":"C'est ce paradigme ancr\u00e9 depuis Descartes et par lui dans la conscience occidentale, qui bannit dans l'occulte des concepts tels que les causes finales, et plus forte raison la pr\u00e9monition, la parapsychologie et tout ce qui s'y rattache. C'est lui aussi qui rejette en bloc toute forme de pens\u00e9e pr\u00e9sum\u00e9e extrahumaine. Cette sorte de ph\u00e9nom\u00e8nes est impossible dans le paradigme cart\u00e9sien, o\u00f9 le temps doit obligatoirement s'\u00e9couler de fa\u00e7on univoque du pass\u00e9 vers le futur puisque, si quelque chose pouvait, du futur, agir sur le pr\u00e9sent, cela reviendrait admettre la rupture de la causalit\u00e9, donc la possibilit\u00e9 du miracle..."}

3e millénaire - Spiritualité - Connaissance de soi - Non-dualité - Méditation

La mascarade des siècles par Aimé Michel - 3e millénaire - Spiritualité - Connaissance de soi - Non-dualité - Méditation

<blockquote class="wp-embedded-content" data-secret="DLMCe31c7L"><a href="https://www.revue3emillenaire.com/blog/la-mascarade-des-siecles-par-aime-michel/">La mascarade des siècles par Aimé Michel</a></blockquote><iframe sandbox="allow-scripts" security="restricted" src="https://www.revue3emillenaire.com/blog/la-mascarade-des-siecles-par-aime-michel/embed/#?secret=DLMCe31c7L" width="600" height="338" title="« La mascarade des siècles par Aimé Michel » &#8212; 3e millénaire - Spiritualité - Connaissance de soi - Non-dualité - Méditation" data-secret="DLMCe31c7L" frameborder="0" marginwidth="0" marginheight="0" scrolling="no" class="wp-embedded-content"></iframe><script type="text/javascript">
/* <![CDATA[ */
/*! This file is auto-generated */
!function(d,l){"use strict";l.querySelector&&d.addEventListener&&"undefined"!=typeof URL&&(d.wp=d.wp||{},d.wp.receiveEmbedMessage||(d.wp.receiveEmbedMessage=function(e){var t=e.data;if((t||t.secret||t.message||t.value)&&!/[^a-zA-Z0-9]/.test(t.secret)){for(var s,r,n,a=l.querySelectorAll('iframe[data-secret="'+t.secret+'"]'),o=l.querySelectorAll('blockquote[data-secret="'+t.secret+'"]'),c=new RegExp("^https?:$","i"),i=0;i<o.length;i++)o[i].style.display="none";for(i=0;i<a.length;i++)s=a[i],e.source===s.contentWindow&&(s.removeAttribute("style"),"height"===t.message?(1e3<(r=parseInt(t.value,10))?r=1e3:~~r<200&&(r=200),s.height=r):"link"===t.message&&(r=new URL(s.getAttribute("src")),n=new URL(t.value),c.test(n.protocol))&&n.host===r.host&&l.activeElement===s&&(d.top.location.href=t.value))}},d.addEventListener("message",d.wp.receiveEmbedMessage,!1),l.addEventListener("DOMContentLoaded",function(){for(var e,t,s=l.querySelectorAll("iframe.wp-embedded-content"),r=0;r<s.length;r++)(t=(e=s[r]).getAttribute("data-secret"))||(t=Math.random().toString(36).substring(2,12),e.src+="#?secret="+t,e.setAttribute("data-secret",t)),e.contentWindow.postMessage({message:"ready",secret:t},"*")},!1)))}(window,document);
//# sourceURL=https://www.revue3emillenaire.com/blog/wp-includes/js/wp-embed.min.js
/* ]]> */
</script>

C'est ce paradigme ancré depuis Descartes et par lui dans la conscience occidentale, qui bannit dans l'occulte des concepts tels que les causes finales, et plus forte raison la prémonition, la parapsychologie et tout ce qui s'y rattache. C'est lui aussi qui rejette en bloc toute forme de pensée présumée extrahumaine. Cette sorte de phénomènes est impossible dans le paradigme cartésien, où le temps doit obligatoirement s'écouler de façon univoque du passé vers le futur puisque, si quelque chose pouvait, du futur, agir sur le présent, cela reviendrait admettre la rupture de la causalité, donc la possibilité du miracle...
