{"version":"1.0","provider_name":"3e mill\u00e9naire - Spiritualit\u00e9 - Connaissance de soi - Non-dualit\u00e9 - M\u00e9ditation","provider_url":"https:\/\/www.revue3emillenaire.com\/blog","title":"La non-dualit\u00e9 par Martin Ratte - 3e mill\u00e9naire - Spiritualit\u00e9 - Connaissance de soi - Non-dualit\u00e9 - M\u00e9ditation","type":"rich","width":600,"height":338,"html":"<blockquote class=\"wp-embedded-content\" data-secret=\"3U4viUtDBw\"><a href=\"https:\/\/www.revue3emillenaire.com\/blog\/la-non-dualite-par-martin-ratte\/\">La non-dualit\u00e9 par Martin Ratte<\/a><\/blockquote><iframe sandbox=\"allow-scripts\" security=\"restricted\" src=\"https:\/\/www.revue3emillenaire.com\/blog\/la-non-dualite-par-martin-ratte\/embed\/#?secret=3U4viUtDBw\" width=\"600\" height=\"338\" title=\"\u00ab\u00a0La non-dualit\u00e9 par Martin Ratte\u00a0\u00bb &#8212; 3e mill\u00e9naire - Spiritualit\u00e9 - Connaissance de soi - Non-dualit\u00e9 - M\u00e9ditation\" data-secret=\"3U4viUtDBw\" frameborder=\"0\" marginwidth=\"0\" marginheight=\"0\" scrolling=\"no\" class=\"wp-embedded-content\"><\/iframe><script type=\"text\/javascript\">\n\/* <![CDATA[ *\/\n\/*! This file is auto-generated *\/\n!function(d,l){\"use strict\";l.querySelector&&d.addEventListener&&\"undefined\"!=typeof URL&&(d.wp=d.wp||{},d.wp.receiveEmbedMessage||(d.wp.receiveEmbedMessage=function(e){var t=e.data;if((t||t.secret||t.message||t.value)&&!\/[^a-zA-Z0-9]\/.test(t.secret)){for(var s,r,n,a=l.querySelectorAll('iframe[data-secret=\"'+t.secret+'\"]'),o=l.querySelectorAll('blockquote[data-secret=\"'+t.secret+'\"]'),c=new RegExp(\"^https?:$\",\"i\"),i=0;i<o.length;i++)o[i].style.display=\"none\";for(i=0;i<a.length;i++)s=a[i],e.source===s.contentWindow&&(s.removeAttribute(\"style\"),\"height\"===t.message?(1e3<(r=parseInt(t.value,10))?r=1e3:~~r<200&&(r=200),s.height=r):\"link\"===t.message&&(r=new URL(s.getAttribute(\"src\")),n=new URL(t.value),c.test(n.protocol))&&n.host===r.host&&l.activeElement===s&&(d.top.location.href=t.value))}},d.addEventListener(\"message\",d.wp.receiveEmbedMessage,!1),l.addEventListener(\"DOMContentLoaded\",function(){for(var e,t,s=l.querySelectorAll(\"iframe.wp-embedded-content\"),r=0;r<s.length;r++)(t=(e=s[r]).getAttribute(\"data-secret\"))||(t=Math.random().toString(36).substring(2,12),e.src+=\"#?secret=\"+t,e.setAttribute(\"data-secret\",t)),e.contentWindow.postMessage({message:\"ready\",secret:t},\"*\")},!1)))}(window,document);\n\/\/# sourceURL=https:\/\/www.revue3emillenaire.com\/blog\/wp-includes\/js\/wp-embed.min.js\n\/* ]]> *\/\n<\/script>\n","thumbnail_url":"https:\/\/www.revue3emillenaire.com\/blog\/wp-content\/uploads\/2023\/12\/Martin-Ratte.jpg","thumbnail_width":2079,"thumbnail_height":2403,"description":"Le concept de non-dualit\u00e9 fait couler beaucoup d\u2019encre. Avant de lire un peu sur le sujet, je croyais que ce terme faisait r\u00e9f\u00e9rence \u00e0 un \u00e9tat d\u2019unit\u00e9 et qu\u2019il s\u2019opposait ainsi \u00e0 un \u00e9tat d\u2019esprit de division, d\u2019opposition, de s\u00e9paration. Je m\u2019\u00e9tais tr\u00e8s probablement tromp\u00e9. Selon certaines traditions indiennes ou bouddhistes, la non-dualit\u00e9 n\u2019est ni [&hellip;]"}

3e millénaire - Spiritualité - Connaissance de soi - Non-dualité - Méditation

La non-dualité par Martin Ratte - 3e millénaire - Spiritualité - Connaissance de soi - Non-dualité - Méditation

<blockquote class="wp-embedded-content" data-secret="3U4viUtDBw"><a href="https://www.revue3emillenaire.com/blog/la-non-dualite-par-martin-ratte/">La non-dualité par Martin Ratte</a></blockquote><iframe sandbox="allow-scripts" security="restricted" src="https://www.revue3emillenaire.com/blog/la-non-dualite-par-martin-ratte/embed/#?secret=3U4viUtDBw" width="600" height="338" title="« La non-dualité par Martin Ratte » &#8212; 3e millénaire - Spiritualité - Connaissance de soi - Non-dualité - Méditation" data-secret="3U4viUtDBw" frameborder="0" marginwidth="0" marginheight="0" scrolling="no" class="wp-embedded-content"></iframe><script type="text/javascript">
/* <![CDATA[ */
/*! This file is auto-generated */
!function(d,l){"use strict";l.querySelector&&d.addEventListener&&"undefined"!=typeof URL&&(d.wp=d.wp||{},d.wp.receiveEmbedMessage||(d.wp.receiveEmbedMessage=function(e){var t=e.data;if((t||t.secret||t.message||t.value)&&!/[^a-zA-Z0-9]/.test(t.secret)){for(var s,r,n,a=l.querySelectorAll('iframe[data-secret="'+t.secret+'"]'),o=l.querySelectorAll('blockquote[data-secret="'+t.secret+'"]'),c=new RegExp("^https?:$","i"),i=0;i<o.length;i++)o[i].style.display="none";for(i=0;i<a.length;i++)s=a[i],e.source===s.contentWindow&&(s.removeAttribute("style"),"height"===t.message?(1e3<(r=parseInt(t.value,10))?r=1e3:~~r<200&&(r=200),s.height=r):"link"===t.message&&(r=new URL(s.getAttribute("src")),n=new URL(t.value),c.test(n.protocol))&&n.host===r.host&&l.activeElement===s&&(d.top.location.href=t.value))}},d.addEventListener("message",d.wp.receiveEmbedMessage,!1),l.addEventListener("DOMContentLoaded",function(){for(var e,t,s=l.querySelectorAll("iframe.wp-embedded-content"),r=0;r<s.length;r++)(t=(e=s[r]).getAttribute("data-secret"))||(t=Math.random().toString(36).substring(2,12),e.src+="#?secret="+t,e.setAttribute("data-secret",t)),e.contentWindow.postMessage({message:"ready",secret:t},"*")},!1)))}(window,document);
//# sourceURL=https://www.revue3emillenaire.com/blog/wp-includes/js/wp-embed.min.js
/* ]]> */
</script>

Le concept de non-dualité fait couler beaucoup d’encre. Avant de lire un peu sur le sujet, je croyais que ce terme faisait référence à un état d’unité et qu’il s’opposait ainsi à un état d’esprit de division, d’opposition, de séparation. Je m’étais très probablement trompé. Selon certaines traditions indiennes ou bouddhistes, la non-dualité n’est ni [&hellip;]
