{"version":"1.0","provider_name":"3e mill\u00e9naire - Spiritualit\u00e9 - Connaissance de soi - Non-dualit\u00e9 - M\u00e9ditation","provider_url":"https:\/\/www.revue3emillenaire.com\/blog","title":"L'apocalypse a d\u00e9j\u00e0 eu lieu par Lucien G\u00e9rardin - 3e mill\u00e9naire - Spiritualit\u00e9 - Connaissance de soi - Non-dualit\u00e9 - M\u00e9ditation","type":"rich","width":600,"height":338,"html":"<blockquote class=\"wp-embedded-content\" data-secret=\"pOaQ9FFVzd\"><a href=\"https:\/\/www.revue3emillenaire.com\/blog\/lapocalypse-a-deja-eu-lieu-par-lucien-gerardin\/\">L&rsquo;apocalypse a d\u00e9j\u00e0 eu lieu par Lucien G\u00e9rardin<\/a><\/blockquote><iframe sandbox=\"allow-scripts\" security=\"restricted\" src=\"https:\/\/www.revue3emillenaire.com\/blog\/lapocalypse-a-deja-eu-lieu-par-lucien-gerardin\/embed\/#?secret=pOaQ9FFVzd\" width=\"600\" height=\"338\" title=\"\u00ab\u00a0L&rsquo;apocalypse a d\u00e9j\u00e0 eu lieu par Lucien G\u00e9rardin\u00a0\u00bb &#8212; 3e mill\u00e9naire - Spiritualit\u00e9 - Connaissance de soi - Non-dualit\u00e9 - M\u00e9ditation\" data-secret=\"pOaQ9FFVzd\" frameborder=\"0\" marginwidth=\"0\" marginheight=\"0\" scrolling=\"no\" class=\"wp-embedded-content\"><\/iframe><script type=\"text\/javascript\">\n\/* <![CDATA[ *\/\n\/*! This file is auto-generated *\/\n!function(d,l){\"use strict\";l.querySelector&&d.addEventListener&&\"undefined\"!=typeof URL&&(d.wp=d.wp||{},d.wp.receiveEmbedMessage||(d.wp.receiveEmbedMessage=function(e){var t=e.data;if((t||t.secret||t.message||t.value)&&!\/[^a-zA-Z0-9]\/.test(t.secret)){for(var s,r,n,a=l.querySelectorAll('iframe[data-secret=\"'+t.secret+'\"]'),o=l.querySelectorAll('blockquote[data-secret=\"'+t.secret+'\"]'),c=new RegExp(\"^https?:$\",\"i\"),i=0;i<o.length;i++)o[i].style.display=\"none\";for(i=0;i<a.length;i++)s=a[i],e.source===s.contentWindow&&(s.removeAttribute(\"style\"),\"height\"===t.message?(1e3<(r=parseInt(t.value,10))?r=1e3:~~r<200&&(r=200),s.height=r):\"link\"===t.message&&(r=new URL(s.getAttribute(\"src\")),n=new URL(t.value),c.test(n.protocol))&&n.host===r.host&&l.activeElement===s&&(d.top.location.href=t.value))}},d.addEventListener(\"message\",d.wp.receiveEmbedMessage,!1),l.addEventListener(\"DOMContentLoaded\",function(){for(var e,t,s=l.querySelectorAll(\"iframe.wp-embedded-content\"),r=0;r<s.length;r++)(t=(e=s[r]).getAttribute(\"data-secret\"))||(t=Math.random().toString(36).substring(2,12),e.src+=\"#?secret=\"+t,e.setAttribute(\"data-secret\",t)),e.contentWindow.postMessage({message:\"ready\",secret:t},\"*\")},!1)))}(window,document);\n\/\/# sourceURL=https:\/\/www.revue3emillenaire.com\/blog\/wp-includes\/js\/wp-embed.min.js\n\/* ]]> *\/\n<\/script>\n","description":"La catastrophe n'a pas toujours lieu \u00e0 l'\u00e9chelle cosmique : supernova ou quasar. Elle peut avoir lieu \u00e0 l'\u00e9chelle d'une plan\u00e8te, quand un objet errant vient la percuter, comme il y a soixante-dix millions d'ann\u00e9es. Je ne sais pas pourquoi la Vie dans l'Univers et sur Terre, mais je me dis que forte est sa puissance puisqu'elle peut traverser sans trop de dommages les catastrophes de ce genre. Voil\u00e0 qui ne peut que rendre optimiste sur le long avenir tout naturellement inscrit pour l'Humanit\u00e9 en marche sur la route de sa destin\u00e9e."}

3e millénaire - Spiritualité - Connaissance de soi - Non-dualité - Méditation

L'apocalypse a déjà eu lieu par Lucien Gérardin - 3e millénaire - Spiritualité - Connaissance de soi - Non-dualité - Méditation

<blockquote class="wp-embedded-content" data-secret="pOaQ9FFVzd"><a href="https://www.revue3emillenaire.com/blog/lapocalypse-a-deja-eu-lieu-par-lucien-gerardin/">L&rsquo;apocalypse a déjà eu lieu par Lucien Gérardin</a></blockquote><iframe sandbox="allow-scripts" security="restricted" src="https://www.revue3emillenaire.com/blog/lapocalypse-a-deja-eu-lieu-par-lucien-gerardin/embed/#?secret=pOaQ9FFVzd" width="600" height="338" title="« L&rsquo;apocalypse a déjà eu lieu par Lucien Gérardin » &#8212; 3e millénaire - Spiritualité - Connaissance de soi - Non-dualité - Méditation" data-secret="pOaQ9FFVzd" frameborder="0" marginwidth="0" marginheight="0" scrolling="no" class="wp-embedded-content"></iframe><script type="text/javascript">
/* <![CDATA[ */
/*! This file is auto-generated */
!function(d,l){"use strict";l.querySelector&&d.addEventListener&&"undefined"!=typeof URL&&(d.wp=d.wp||{},d.wp.receiveEmbedMessage||(d.wp.receiveEmbedMessage=function(e){var t=e.data;if((t||t.secret||t.message||t.value)&&!/[^a-zA-Z0-9]/.test(t.secret)){for(var s,r,n,a=l.querySelectorAll('iframe[data-secret="'+t.secret+'"]'),o=l.querySelectorAll('blockquote[data-secret="'+t.secret+'"]'),c=new RegExp("^https?:$","i"),i=0;i<o.length;i++)o[i].style.display="none";for(i=0;i<a.length;i++)s=a[i],e.source===s.contentWindow&&(s.removeAttribute("style"),"height"===t.message?(1e3<(r=parseInt(t.value,10))?r=1e3:~~r<200&&(r=200),s.height=r):"link"===t.message&&(r=new URL(s.getAttribute("src")),n=new URL(t.value),c.test(n.protocol))&&n.host===r.host&&l.activeElement===s&&(d.top.location.href=t.value))}},d.addEventListener("message",d.wp.receiveEmbedMessage,!1),l.addEventListener("DOMContentLoaded",function(){for(var e,t,s=l.querySelectorAll("iframe.wp-embedded-content"),r=0;r<s.length;r++)(t=(e=s[r]).getAttribute("data-secret"))||(t=Math.random().toString(36).substring(2,12),e.src+="#?secret="+t,e.setAttribute("data-secret",t)),e.contentWindow.postMessage({message:"ready",secret:t},"*")},!1)))}(window,document);
//# sourceURL=https://www.revue3emillenaire.com/blog/wp-includes/js/wp-embed.min.js
/* ]]> */
</script>

La catastrophe n'a pas toujours lieu à l'échelle cosmique : supernova ou quasar. Elle peut avoir lieu à l'échelle d'une planète, quand un objet errant vient la percuter, comme il y a soixante-dix millions d'années. Je ne sais pas pourquoi la Vie dans l'Univers et sur Terre, mais je me dis que forte est sa puissance puisqu'elle peut traverser sans trop de dommages les catastrophes de ce genre. Voilà qui ne peut que rendre optimiste sur le long avenir tout naturellement inscrit pour l'Humanité en marche sur la route de sa destinée.
