{"version":"1.0","provider_name":"3e mill\u00e9naire - Spiritualit\u00e9 - Connaissance de soi - Non-dualit\u00e9 - M\u00e9ditation","provider_url":"https:\/\/www.revue3emillenaire.com\/blog","title":"L\u2019apparition de l\u2019Homme par Claude Tresmontant - 3e mill\u00e9naire - Spiritualit\u00e9 - Connaissance de soi - Non-dualit\u00e9 - M\u00e9ditation","type":"rich","width":600,"height":338,"html":"<blockquote class=\"wp-embedded-content\" data-secret=\"psNtlv7yHu\"><a href=\"https:\/\/www.revue3emillenaire.com\/blog\/lapparition-de-lhomme-par-claude-tresmontant\/\">L\u2019apparition de l\u2019Homme par Claude Tresmontant<\/a><\/blockquote><iframe sandbox=\"allow-scripts\" security=\"restricted\" src=\"https:\/\/www.revue3emillenaire.com\/blog\/lapparition-de-lhomme-par-claude-tresmontant\/embed\/#?secret=psNtlv7yHu\" width=\"600\" height=\"338\" title=\"\u00ab\u00a0L\u2019apparition de l\u2019Homme par Claude Tresmontant\u00a0\u00bb &#8212; 3e mill\u00e9naire - Spiritualit\u00e9 - Connaissance de soi - Non-dualit\u00e9 - M\u00e9ditation\" data-secret=\"psNtlv7yHu\" frameborder=\"0\" marginwidth=\"0\" marginheight=\"0\" scrolling=\"no\" class=\"wp-embedded-content\"><\/iframe><script type=\"text\/javascript\">\n\/* <![CDATA[ *\/\n\/*! This file is auto-generated *\/\n!function(d,l){\"use strict\";l.querySelector&&d.addEventListener&&\"undefined\"!=typeof URL&&(d.wp=d.wp||{},d.wp.receiveEmbedMessage||(d.wp.receiveEmbedMessage=function(e){var t=e.data;if((t||t.secret||t.message||t.value)&&!\/[^a-zA-Z0-9]\/.test(t.secret)){for(var s,r,n,a=l.querySelectorAll('iframe[data-secret=\"'+t.secret+'\"]'),o=l.querySelectorAll('blockquote[data-secret=\"'+t.secret+'\"]'),c=new RegExp(\"^https?:$\",\"i\"),i=0;i<o.length;i++)o[i].style.display=\"none\";for(i=0;i<a.length;i++)s=a[i],e.source===s.contentWindow&&(s.removeAttribute(\"style\"),\"height\"===t.message?(1e3<(r=parseInt(t.value,10))?r=1e3:~~r<200&&(r=200),s.height=r):\"link\"===t.message&&(r=new URL(s.getAttribute(\"src\")),n=new URL(t.value),c.test(n.protocol))&&n.host===r.host&&l.activeElement===s&&(d.top.location.href=t.value))}},d.addEventListener(\"message\",d.wp.receiveEmbedMessage,!1),l.addEventListener(\"DOMContentLoaded\",function(){for(var e,t,s=l.querySelectorAll(\"iframe.wp-embedded-content\"),r=0;r<s.length;r++)(t=(e=s[r]).getAttribute(\"data-secret\"))||(t=Math.random().toString(36).substring(2,12),e.src+=\"#?secret=\"+t,e.setAttribute(\"data-secret\",t)),e.contentWindow.postMessage({message:\"ready\",secret:t},\"*\")},!1)))}(window,document);\n\/\/# sourceURL=https:\/\/www.revue3emillenaire.com\/blog\/wp-includes\/js\/wp-embed.min.js\n\/* ]]> *\/\n<\/script>\n","thumbnail_url":"https:\/\/www.revue3emillenaire.com\/blog\/wp-content\/uploads\/2017\/08\/Claude-Tresmontant.jpg","thumbnail_width":253,"thumbnail_height":289,"description":"Monsieur Jean Piveteau, de l\u2019Acad\u00e9mie des Sciences, professeur \u00e0 la Sorbonne, membre de l\u2019Acad\u00e9mie royale de Belgique, est le patron de la Pal\u00e9ontologie fran\u00e7aise, l\u2019un des patrons de la Pal\u00e9ontologie sur notre plan\u00e8te. Il est le Directeur du grand Trait\u00e9 de Pal\u00e9ontologie publi\u00e9 aux \u00e9ditions Masson. Il publie aux \u00e9ditions O.E.I.L. un petit livre\u00a0: L\u2019Apparition [&hellip;]"}

3e millénaire - Spiritualité - Connaissance de soi - Non-dualité - Méditation

L’apparition de l’Homme par Claude Tresmontant - 3e millénaire - Spiritualité - Connaissance de soi - Non-dualité - Méditation

<blockquote class="wp-embedded-content" data-secret="psNtlv7yHu"><a href="https://www.revue3emillenaire.com/blog/lapparition-de-lhomme-par-claude-tresmontant/">L’apparition de l’Homme par Claude Tresmontant</a></blockquote><iframe sandbox="allow-scripts" security="restricted" src="https://www.revue3emillenaire.com/blog/lapparition-de-lhomme-par-claude-tresmontant/embed/#?secret=psNtlv7yHu" width="600" height="338" title="« L’apparition de l’Homme par Claude Tresmontant » &#8212; 3e millénaire - Spiritualité - Connaissance de soi - Non-dualité - Méditation" data-secret="psNtlv7yHu" frameborder="0" marginwidth="0" marginheight="0" scrolling="no" class="wp-embedded-content"></iframe><script type="text/javascript">
/* <![CDATA[ */
/*! This file is auto-generated */
!function(d,l){"use strict";l.querySelector&&d.addEventListener&&"undefined"!=typeof URL&&(d.wp=d.wp||{},d.wp.receiveEmbedMessage||(d.wp.receiveEmbedMessage=function(e){var t=e.data;if((t||t.secret||t.message||t.value)&&!/[^a-zA-Z0-9]/.test(t.secret)){for(var s,r,n,a=l.querySelectorAll('iframe[data-secret="'+t.secret+'"]'),o=l.querySelectorAll('blockquote[data-secret="'+t.secret+'"]'),c=new RegExp("^https?:$","i"),i=0;i<o.length;i++)o[i].style.display="none";for(i=0;i<a.length;i++)s=a[i],e.source===s.contentWindow&&(s.removeAttribute("style"),"height"===t.message?(1e3<(r=parseInt(t.value,10))?r=1e3:~~r<200&&(r=200),s.height=r):"link"===t.message&&(r=new URL(s.getAttribute("src")),n=new URL(t.value),c.test(n.protocol))&&n.host===r.host&&l.activeElement===s&&(d.top.location.href=t.value))}},d.addEventListener("message",d.wp.receiveEmbedMessage,!1),l.addEventListener("DOMContentLoaded",function(){for(var e,t,s=l.querySelectorAll("iframe.wp-embedded-content"),r=0;r<s.length;r++)(t=(e=s[r]).getAttribute("data-secret"))||(t=Math.random().toString(36).substring(2,12),e.src+="#?secret="+t,e.setAttribute("data-secret",t)),e.contentWindow.postMessage({message:"ready",secret:t},"*")},!1)))}(window,document);
//# sourceURL=https://www.revue3emillenaire.com/blog/wp-includes/js/wp-embed.min.js
/* ]]> */
</script>

Monsieur Jean Piveteau, de l’Académie des Sciences, professeur à la Sorbonne, membre de l’Académie royale de Belgique, est le patron de la Paléontologie française, l’un des patrons de la Paléontologie sur notre planète. Il est le Directeur du grand Traité de Paléontologie publié aux éditions Masson. Il publie aux éditions O.E.I.L. un petit livre : L’Apparition [&hellip;]
