{"version":"1.0","provider_name":"3e mill\u00e9naire - Spiritualit\u00e9 - Connaissance de soi - Non-dualit\u00e9 - M\u00e9ditation","provider_url":"https:\/\/www.revue3emillenaire.com\/blog","title":"Le mythe d'un (certain) teilhardisme par Paul Chauchard - 3e mill\u00e9naire - Spiritualit\u00e9 - Connaissance de soi - Non-dualit\u00e9 - M\u00e9ditation","type":"rich","width":600,"height":338,"html":"<blockquote class=\"wp-embedded-content\" data-secret=\"S6qxZLXcIx\"><a href=\"https:\/\/www.revue3emillenaire.com\/blog\/le-mythe-dun-certain-teilhardisme-par-paul-chauchard\/\">Le mythe d&rsquo;un (certain) teilhardisme  par Paul Chauchard<\/a><\/blockquote><iframe sandbox=\"allow-scripts\" security=\"restricted\" src=\"https:\/\/www.revue3emillenaire.com\/blog\/le-mythe-dun-certain-teilhardisme-par-paul-chauchard\/embed\/#?secret=S6qxZLXcIx\" width=\"600\" height=\"338\" title=\"\u00ab\u00a0Le mythe d&rsquo;un (certain) teilhardisme  par Paul Chauchard\u00a0\u00bb &#8212; 3e mill\u00e9naire - Spiritualit\u00e9 - Connaissance de soi - Non-dualit\u00e9 - M\u00e9ditation\" data-secret=\"S6qxZLXcIx\" frameborder=\"0\" marginwidth=\"0\" marginheight=\"0\" scrolling=\"no\" class=\"wp-embedded-content\"><\/iframe><script type=\"text\/javascript\">\n\/* <![CDATA[ *\/\n\/*! This file is auto-generated *\/\n!function(d,l){\"use strict\";l.querySelector&&d.addEventListener&&\"undefined\"!=typeof URL&&(d.wp=d.wp||{},d.wp.receiveEmbedMessage||(d.wp.receiveEmbedMessage=function(e){var t=e.data;if((t||t.secret||t.message||t.value)&&!\/[^a-zA-Z0-9]\/.test(t.secret)){for(var s,r,n,a=l.querySelectorAll('iframe[data-secret=\"'+t.secret+'\"]'),o=l.querySelectorAll('blockquote[data-secret=\"'+t.secret+'\"]'),c=new RegExp(\"^https?:$\",\"i\"),i=0;i<o.length;i++)o[i].style.display=\"none\";for(i=0;i<a.length;i++)s=a[i],e.source===s.contentWindow&&(s.removeAttribute(\"style\"),\"height\"===t.message?(1e3<(r=parseInt(t.value,10))?r=1e3:~~r<200&&(r=200),s.height=r):\"link\"===t.message&&(r=new URL(s.getAttribute(\"src\")),n=new URL(t.value),c.test(n.protocol))&&n.host===r.host&&l.activeElement===s&&(d.top.location.href=t.value))}},d.addEventListener(\"message\",d.wp.receiveEmbedMessage,!1),l.addEventListener(\"DOMContentLoaded\",function(){for(var e,t,s=l.querySelectorAll(\"iframe.wp-embedded-content\"),r=0;r<s.length;r++)(t=(e=s[r]).getAttribute(\"data-secret\"))||(t=Math.random().toString(36).substring(2,12),e.src+=\"#?secret=\"+t,e.setAttribute(\"data-secret\",t)),e.contentWindow.postMessage({message:\"ready\",secret:t},\"*\")},!1)))}(window,document);\n\/\/# sourceURL=https:\/\/www.revue3emillenaire.com\/blog\/wp-includes\/js\/wp-embed.min.js\n\/* ]]> *\/\n<\/script>\n","description":"Il n'y a pas de teilhardisme, il n'y a qu'un t\u00e9moin qui nous dit l'accord de la science et de la foi et qui objectivement replace l'amour au c\u0153ur du monde. Combien il est proche de celui qui, en ces temps de Concile, a fond\u00e9 l'\u0153cum\u00e9nisme, non d'embl\u00e9e sur les d\u00e9finitions dogmatiques n\u00e9cessaires, mais d'abord sur l'amour, le pape Jean XXIII, plus soucieux de r\u00e9formation adapt\u00e9e des v\u00e9rit\u00e9s chr\u00e9tiennes que de solennelles condamnations."}

3e millénaire - Spiritualité - Connaissance de soi - Non-dualité - Méditation

Le mythe d'un (certain) teilhardisme par Paul Chauchard - 3e millénaire - Spiritualité - Connaissance de soi - Non-dualité - Méditation

<blockquote class="wp-embedded-content" data-secret="S6qxZLXcIx"><a href="https://www.revue3emillenaire.com/blog/le-mythe-dun-certain-teilhardisme-par-paul-chauchard/">Le mythe d&rsquo;un (certain) teilhardisme  par Paul Chauchard</a></blockquote><iframe sandbox="allow-scripts" security="restricted" src="https://www.revue3emillenaire.com/blog/le-mythe-dun-certain-teilhardisme-par-paul-chauchard/embed/#?secret=S6qxZLXcIx" width="600" height="338" title="« Le mythe d&rsquo;un (certain) teilhardisme  par Paul Chauchard » &#8212; 3e millénaire - Spiritualité - Connaissance de soi - Non-dualité - Méditation" data-secret="S6qxZLXcIx" frameborder="0" marginwidth="0" marginheight="0" scrolling="no" class="wp-embedded-content"></iframe><script type="text/javascript">
/* <![CDATA[ */
/*! This file is auto-generated */
!function(d,l){"use strict";l.querySelector&&d.addEventListener&&"undefined"!=typeof URL&&(d.wp=d.wp||{},d.wp.receiveEmbedMessage||(d.wp.receiveEmbedMessage=function(e){var t=e.data;if((t||t.secret||t.message||t.value)&&!/[^a-zA-Z0-9]/.test(t.secret)){for(var s,r,n,a=l.querySelectorAll('iframe[data-secret="'+t.secret+'"]'),o=l.querySelectorAll('blockquote[data-secret="'+t.secret+'"]'),c=new RegExp("^https?:$","i"),i=0;i<o.length;i++)o[i].style.display="none";for(i=0;i<a.length;i++)s=a[i],e.source===s.contentWindow&&(s.removeAttribute("style"),"height"===t.message?(1e3<(r=parseInt(t.value,10))?r=1e3:~~r<200&&(r=200),s.height=r):"link"===t.message&&(r=new URL(s.getAttribute("src")),n=new URL(t.value),c.test(n.protocol))&&n.host===r.host&&l.activeElement===s&&(d.top.location.href=t.value))}},d.addEventListener("message",d.wp.receiveEmbedMessage,!1),l.addEventListener("DOMContentLoaded",function(){for(var e,t,s=l.querySelectorAll("iframe.wp-embedded-content"),r=0;r<s.length;r++)(t=(e=s[r]).getAttribute("data-secret"))||(t=Math.random().toString(36).substring(2,12),e.src+="#?secret="+t,e.setAttribute("data-secret",t)),e.contentWindow.postMessage({message:"ready",secret:t},"*")},!1)))}(window,document);
//# sourceURL=https://www.revue3emillenaire.com/blog/wp-includes/js/wp-embed.min.js
/* ]]> */
</script>

Il n'y a pas de teilhardisme, il n'y a qu'un témoin qui nous dit l'accord de la science et de la foi et qui objectivement replace l'amour au cœur du monde. Combien il est proche de celui qui, en ces temps de Concile, a fondé l'œcuménisme, non d'emblée sur les définitions dogmatiques nécessaires, mais d'abord sur l'amour, le pape Jean XXIII, plus soucieux de réformation adaptée des vérités chrétiennes que de solennelles condamnations.
