{"version":"1.0","provider_name":"3e mill\u00e9naire - Spiritualit\u00e9 - Connaissance de soi - Non-dualit\u00e9 - M\u00e9ditation","provider_url":"https:\/\/www.revue3emillenaire.com\/blog","title":"Le probl\u00e8me de la foi par Pierre D'Angkor - 3e mill\u00e9naire - Spiritualit\u00e9 - Connaissance de soi - Non-dualit\u00e9 - M\u00e9ditation","type":"rich","width":600,"height":338,"html":"<blockquote class=\"wp-embedded-content\" data-secret=\"yR2pWAfscl\"><a href=\"https:\/\/www.revue3emillenaire.com\/blog\/le-probleme-de-la-foi-par-pierre-dangkor\/\">Le probl\u00e8me de la foi par Pierre D&rsquo;Angkor<\/a><\/blockquote><iframe sandbox=\"allow-scripts\" security=\"restricted\" src=\"https:\/\/www.revue3emillenaire.com\/blog\/le-probleme-de-la-foi-par-pierre-dangkor\/embed\/#?secret=yR2pWAfscl\" width=\"600\" height=\"338\" title=\"\u00ab\u00a0Le probl\u00e8me de la foi par Pierre D&rsquo;Angkor\u00a0\u00bb &#8212; 3e mill\u00e9naire - Spiritualit\u00e9 - Connaissance de soi - Non-dualit\u00e9 - M\u00e9ditation\" data-secret=\"yR2pWAfscl\" frameborder=\"0\" marginwidth=\"0\" marginheight=\"0\" scrolling=\"no\" class=\"wp-embedded-content\"><\/iframe><script type=\"text\/javascript\">\n\/* <![CDATA[ *\/\n\/*! This file is auto-generated *\/\n!function(d,l){\"use strict\";l.querySelector&&d.addEventListener&&\"undefined\"!=typeof URL&&(d.wp=d.wp||{},d.wp.receiveEmbedMessage||(d.wp.receiveEmbedMessage=function(e){var t=e.data;if((t||t.secret||t.message||t.value)&&!\/[^a-zA-Z0-9]\/.test(t.secret)){for(var s,r,n,a=l.querySelectorAll('iframe[data-secret=\"'+t.secret+'\"]'),o=l.querySelectorAll('blockquote[data-secret=\"'+t.secret+'\"]'),c=new RegExp(\"^https?:$\",\"i\"),i=0;i<o.length;i++)o[i].style.display=\"none\";for(i=0;i<a.length;i++)s=a[i],e.source===s.contentWindow&&(s.removeAttribute(\"style\"),\"height\"===t.message?(1e3<(r=parseInt(t.value,10))?r=1e3:~~r<200&&(r=200),s.height=r):\"link\"===t.message&&(r=new URL(s.getAttribute(\"src\")),n=new URL(t.value),c.test(n.protocol))&&n.host===r.host&&l.activeElement===s&&(d.top.location.href=t.value))}},d.addEventListener(\"message\",d.wp.receiveEmbedMessage,!1),l.addEventListener(\"DOMContentLoaded\",function(){for(var e,t,s=l.querySelectorAll(\"iframe.wp-embedded-content\"),r=0;r<s.length;r++)(t=(e=s[r]).getAttribute(\"data-secret\"))||(t=Math.random().toString(36).substring(2,12),e.src+=\"#?secret=\"+t,e.setAttribute(\"data-secret\",t)),e.contentWindow.postMessage({message:\"ready\",secret:t},\"*\")},!1)))}(window,document);\n\/\/# sourceURL=https:\/\/www.revue3emillenaire.com\/blog\/wp-includes\/js\/wp-embed.min.js\n\/* ]]> *\/\n<\/script>\n","description":"C'est un fait en tout cas que l'homme est un \u00eatre religieux \u2014 on l'a constat\u00e9 dans tous les temps \u2014 et qu'il le demeure en d\u00e9pit des d\u00e9n\u00e9gations mat\u00e9rialistes que lui oppose sans cesse son mental analytique et diviseur. Si l'Absolu, l'Infini, r\u00e9pond \u00e0 un besoin secret vital, essentiel, de lui-m\u00eame, c'est donc qu'il est le fond de lui-m\u00eame. La religion nous propose ici l'explication surnaturelle : Dieu a mis en nous ce sentiment profond pour nous amener \u00e0 Lui . Plus logique, moins artificielle, nous appara\u00eet l'explication naturelle. La Nature ne cr\u00e9e rien d'inutile. Si elle a mis en nous telle tendance, c'est que, de quelque fa\u00e7on, elle est \u00e0 m\u00eame de la satisfaire..."}

3e millénaire - Spiritualité - Connaissance de soi - Non-dualité - Méditation

Le problème de la foi par Pierre D'Angkor - 3e millénaire - Spiritualité - Connaissance de soi - Non-dualité - Méditation

<blockquote class="wp-embedded-content" data-secret="yR2pWAfscl"><a href="https://www.revue3emillenaire.com/blog/le-probleme-de-la-foi-par-pierre-dangkor/">Le problème de la foi par Pierre D&rsquo;Angkor</a></blockquote><iframe sandbox="allow-scripts" security="restricted" src="https://www.revue3emillenaire.com/blog/le-probleme-de-la-foi-par-pierre-dangkor/embed/#?secret=yR2pWAfscl" width="600" height="338" title="« Le problème de la foi par Pierre D&rsquo;Angkor » &#8212; 3e millénaire - Spiritualité - Connaissance de soi - Non-dualité - Méditation" data-secret="yR2pWAfscl" frameborder="0" marginwidth="0" marginheight="0" scrolling="no" class="wp-embedded-content"></iframe><script type="text/javascript">
/* <![CDATA[ */
/*! This file is auto-generated */
!function(d,l){"use strict";l.querySelector&&d.addEventListener&&"undefined"!=typeof URL&&(d.wp=d.wp||{},d.wp.receiveEmbedMessage||(d.wp.receiveEmbedMessage=function(e){var t=e.data;if((t||t.secret||t.message||t.value)&&!/[^a-zA-Z0-9]/.test(t.secret)){for(var s,r,n,a=l.querySelectorAll('iframe[data-secret="'+t.secret+'"]'),o=l.querySelectorAll('blockquote[data-secret="'+t.secret+'"]'),c=new RegExp("^https?:$","i"),i=0;i<o.length;i++)o[i].style.display="none";for(i=0;i<a.length;i++)s=a[i],e.source===s.contentWindow&&(s.removeAttribute("style"),"height"===t.message?(1e3<(r=parseInt(t.value,10))?r=1e3:~~r<200&&(r=200),s.height=r):"link"===t.message&&(r=new URL(s.getAttribute("src")),n=new URL(t.value),c.test(n.protocol))&&n.host===r.host&&l.activeElement===s&&(d.top.location.href=t.value))}},d.addEventListener("message",d.wp.receiveEmbedMessage,!1),l.addEventListener("DOMContentLoaded",function(){for(var e,t,s=l.querySelectorAll("iframe.wp-embedded-content"),r=0;r<s.length;r++)(t=(e=s[r]).getAttribute("data-secret"))||(t=Math.random().toString(36).substring(2,12),e.src+="#?secret="+t,e.setAttribute("data-secret",t)),e.contentWindow.postMessage({message:"ready",secret:t},"*")},!1)))}(window,document);
//# sourceURL=https://www.revue3emillenaire.com/blog/wp-includes/js/wp-embed.min.js
/* ]]> */
</script>

C'est un fait en tout cas que l'homme est un être religieux — on l'a constaté dans tous les temps — et qu'il le demeure en dépit des dénégations matérialistes que lui oppose sans cesse son mental analytique et diviseur. Si l'Absolu, l'Infini, répond à un besoin secret vital, essentiel, de lui-même, c'est donc qu'il est le fond de lui-même. La religion nous propose ici l'explication surnaturelle : Dieu a mis en nous ce sentiment profond pour nous amener à Lui . Plus logique, moins artificielle, nous apparaît l'explication naturelle. La Nature ne crée rien d'inutile. Si elle a mis en nous telle tendance, c'est que, de quelque façon, elle est à même de la satisfaire...
