{"version":"1.0","provider_name":"3e mill\u00e9naire - Spiritualit\u00e9 - Connaissance de soi - Non-dualit\u00e9 - M\u00e9ditation","provider_url":"https:\/\/www.revue3emillenaire.com\/blog","title":"Les ailes du vivant par Pascal Ruga - 3e mill\u00e9naire - Spiritualit\u00e9 - Connaissance de soi - Non-dualit\u00e9 - M\u00e9ditation","type":"rich","width":600,"height":338,"html":"<blockquote class=\"wp-embedded-content\" data-secret=\"rkHwTHmoaH\"><a href=\"https:\/\/www.revue3emillenaire.com\/blog\/les-ailes-du-vivant-par-pascal-ruga\/\">Les ailes du vivant par Pascal Ruga<\/a><\/blockquote><iframe sandbox=\"allow-scripts\" security=\"restricted\" src=\"https:\/\/www.revue3emillenaire.com\/blog\/les-ailes-du-vivant-par-pascal-ruga\/embed\/#?secret=rkHwTHmoaH\" width=\"600\" height=\"338\" title=\"\u00ab\u00a0Les ailes du vivant par Pascal Ruga\u00a0\u00bb &#8212; 3e mill\u00e9naire - Spiritualit\u00e9 - Connaissance de soi - Non-dualit\u00e9 - M\u00e9ditation\" data-secret=\"rkHwTHmoaH\" frameborder=\"0\" marginwidth=\"0\" marginheight=\"0\" scrolling=\"no\" class=\"wp-embedded-content\"><\/iframe><script type=\"text\/javascript\">\n\/* <![CDATA[ *\/\n\/*! This file is auto-generated *\/\n!function(d,l){\"use strict\";l.querySelector&&d.addEventListener&&\"undefined\"!=typeof URL&&(d.wp=d.wp||{},d.wp.receiveEmbedMessage||(d.wp.receiveEmbedMessage=function(e){var t=e.data;if((t||t.secret||t.message||t.value)&&!\/[^a-zA-Z0-9]\/.test(t.secret)){for(var s,r,n,a=l.querySelectorAll('iframe[data-secret=\"'+t.secret+'\"]'),o=l.querySelectorAll('blockquote[data-secret=\"'+t.secret+'\"]'),c=new RegExp(\"^https?:$\",\"i\"),i=0;i<o.length;i++)o[i].style.display=\"none\";for(i=0;i<a.length;i++)s=a[i],e.source===s.contentWindow&&(s.removeAttribute(\"style\"),\"height\"===t.message?(1e3<(r=parseInt(t.value,10))?r=1e3:~~r<200&&(r=200),s.height=r):\"link\"===t.message&&(r=new URL(s.getAttribute(\"src\")),n=new URL(t.value),c.test(n.protocol))&&n.host===r.host&&l.activeElement===s&&(d.top.location.href=t.value))}},d.addEventListener(\"message\",d.wp.receiveEmbedMessage,!1),l.addEventListener(\"DOMContentLoaded\",function(){for(var e,t,s=l.querySelectorAll(\"iframe.wp-embedded-content\"),r=0;r<s.length;r++)(t=(e=s[r]).getAttribute(\"data-secret\"))||(t=Math.random().toString(36).substring(2,12),e.src+=\"#?secret=\"+t,e.setAttribute(\"data-secret\",t)),e.contentWindow.postMessage({message:\"ready\",secret:t},\"*\")},!1)))}(window,document);\n\/\/# sourceURL=https:\/\/www.revue3emillenaire.com\/blog\/wp-includes\/js\/wp-embed.min.js\n\/* ]]> *\/\n<\/script>\n","description":"Chacun ne peut aller \u00e0 lui-m\u00eame que par son propre chemin, plus il avancera, plus il d\u00e9couvrira qu'il aborde \u00e0 la vision du SANS-MESURE, dans un oc\u00e9an o\u00f9 les choses ne se voient plus de la m\u00eame fa\u00e7on que du temps o\u00f9 il les poursuivait toujours vainement. Tout \u00e0 coup, les choses ne sont plus divis\u00e9es par l'infinitude de leurs formes et de l'antagonisme qu'elles entretenaient pour subsister. Elles ne se fragmentent plus, elles ne sont plus affaire de conscience ou de m\u00e9moire, en elles, il n'y a ni arriv\u00e9e ni d\u00e9part...","thumbnail_url":"http:\/\/www.revue3emillenaire.com\/blog\/wp-content\/uploads\/2011\/02\/LostFile_Gif_2864353-150x150.gif"}

3e millénaire - Spiritualité - Connaissance de soi - Non-dualité - Méditation

Les ailes du vivant par Pascal Ruga - 3e millénaire - Spiritualité - Connaissance de soi - Non-dualité - Méditation

<blockquote class="wp-embedded-content" data-secret="rkHwTHmoaH"><a href="https://www.revue3emillenaire.com/blog/les-ailes-du-vivant-par-pascal-ruga/">Les ailes du vivant par Pascal Ruga</a></blockquote><iframe sandbox="allow-scripts" security="restricted" src="https://www.revue3emillenaire.com/blog/les-ailes-du-vivant-par-pascal-ruga/embed/#?secret=rkHwTHmoaH" width="600" height="338" title="« Les ailes du vivant par Pascal Ruga » &#8212; 3e millénaire - Spiritualité - Connaissance de soi - Non-dualité - Méditation" data-secret="rkHwTHmoaH" frameborder="0" marginwidth="0" marginheight="0" scrolling="no" class="wp-embedded-content"></iframe><script type="text/javascript">
/* <![CDATA[ */
/*! This file is auto-generated */
!function(d,l){"use strict";l.querySelector&&d.addEventListener&&"undefined"!=typeof URL&&(d.wp=d.wp||{},d.wp.receiveEmbedMessage||(d.wp.receiveEmbedMessage=function(e){var t=e.data;if((t||t.secret||t.message||t.value)&&!/[^a-zA-Z0-9]/.test(t.secret)){for(var s,r,n,a=l.querySelectorAll('iframe[data-secret="'+t.secret+'"]'),o=l.querySelectorAll('blockquote[data-secret="'+t.secret+'"]'),c=new RegExp("^https?:$","i"),i=0;i<o.length;i++)o[i].style.display="none";for(i=0;i<a.length;i++)s=a[i],e.source===s.contentWindow&&(s.removeAttribute("style"),"height"===t.message?(1e3<(r=parseInt(t.value,10))?r=1e3:~~r<200&&(r=200),s.height=r):"link"===t.message&&(r=new URL(s.getAttribute("src")),n=new URL(t.value),c.test(n.protocol))&&n.host===r.host&&l.activeElement===s&&(d.top.location.href=t.value))}},d.addEventListener("message",d.wp.receiveEmbedMessage,!1),l.addEventListener("DOMContentLoaded",function(){for(var e,t,s=l.querySelectorAll("iframe.wp-embedded-content"),r=0;r<s.length;r++)(t=(e=s[r]).getAttribute("data-secret"))||(t=Math.random().toString(36).substring(2,12),e.src+="#?secret="+t,e.setAttribute("data-secret",t)),e.contentWindow.postMessage({message:"ready",secret:t},"*")},!1)))}(window,document);
//# sourceURL=https://www.revue3emillenaire.com/blog/wp-includes/js/wp-embed.min.js
/* ]]> */
</script>

Chacun ne peut aller à lui-même que par son propre chemin, plus il avancera, plus il découvrira qu'il aborde à la vision du SANS-MESURE, dans un océan où les choses ne se voient plus de la même façon que du temps où il les poursuivait toujours vainement. Tout à coup, les choses ne sont plus divisées par l'infinitude de leurs formes et de l'antagonisme qu'elles entretenaient pour subsister. Elles ne se fragmentent plus, elles ne sont plus affaire de conscience ou de mémoire, en elles, il n'y a ni arrivée ni départ...
