{"version":"1.0","provider_name":"3e mill\u00e9naire - Spiritualit\u00e9 - Connaissance de soi - Non-dualit\u00e9 - M\u00e9ditation","provider_url":"https:\/\/www.revue3emillenaire.com\/blog","title":"Les nouvelles \u00e9pist\u00e9mologies par L\u00e9on-Jacques Delpech - 3e mill\u00e9naire - Spiritualit\u00e9 - Connaissance de soi - Non-dualit\u00e9 - M\u00e9ditation","type":"rich","width":600,"height":338,"html":"<blockquote class=\"wp-embedded-content\" data-secret=\"2G84j3nhZd\"><a href=\"https:\/\/www.revue3emillenaire.com\/blog\/les-nouvelles-epistemologies-par-leon-jacques-delpech\/\">Les nouvelles \u00e9pist\u00e9mologies par L\u00e9on-Jacques Delpech<\/a><\/blockquote><iframe sandbox=\"allow-scripts\" security=\"restricted\" src=\"https:\/\/www.revue3emillenaire.com\/blog\/les-nouvelles-epistemologies-par-leon-jacques-delpech\/embed\/#?secret=2G84j3nhZd\" width=\"600\" height=\"338\" title=\"\u00ab\u00a0Les nouvelles \u00e9pist\u00e9mologies par L\u00e9on-Jacques Delpech\u00a0\u00bb &#8212; 3e mill\u00e9naire - Spiritualit\u00e9 - Connaissance de soi - Non-dualit\u00e9 - M\u00e9ditation\" data-secret=\"2G84j3nhZd\" frameborder=\"0\" marginwidth=\"0\" marginheight=\"0\" scrolling=\"no\" class=\"wp-embedded-content\"><\/iframe><script type=\"text\/javascript\">\n\/* <![CDATA[ *\/\n\/*! This file is auto-generated *\/\n!function(d,l){\"use strict\";l.querySelector&&d.addEventListener&&\"undefined\"!=typeof URL&&(d.wp=d.wp||{},d.wp.receiveEmbedMessage||(d.wp.receiveEmbedMessage=function(e){var t=e.data;if((t||t.secret||t.message||t.value)&&!\/[^a-zA-Z0-9]\/.test(t.secret)){for(var s,r,n,a=l.querySelectorAll('iframe[data-secret=\"'+t.secret+'\"]'),o=l.querySelectorAll('blockquote[data-secret=\"'+t.secret+'\"]'),c=new RegExp(\"^https?:$\",\"i\"),i=0;i<o.length;i++)o[i].style.display=\"none\";for(i=0;i<a.length;i++)s=a[i],e.source===s.contentWindow&&(s.removeAttribute(\"style\"),\"height\"===t.message?(1e3<(r=parseInt(t.value,10))?r=1e3:~~r<200&&(r=200),s.height=r):\"link\"===t.message&&(r=new URL(s.getAttribute(\"src\")),n=new URL(t.value),c.test(n.protocol))&&n.host===r.host&&l.activeElement===s&&(d.top.location.href=t.value))}},d.addEventListener(\"message\",d.wp.receiveEmbedMessage,!1),l.addEventListener(\"DOMContentLoaded\",function(){for(var e,t,s=l.querySelectorAll(\"iframe.wp-embedded-content\"),r=0;r<s.length;r++)(t=(e=s[r]).getAttribute(\"data-secret\"))||(t=Math.random().toString(36).substring(2,12),e.src+=\"#?secret=\"+t,e.setAttribute(\"data-secret\",t)),e.contentWindow.postMessage({message:\"ready\",secret:t},\"*\")},!1)))}(window,document);\n\/\/# sourceURL=https:\/\/www.revue3emillenaire.com\/blog\/wp-includes\/js\/wp-embed.min.js\n\/* ]]> *\/\n<\/script>\n","description":"Pour Bachelard la science dans son histoire et dans ses processus de construction est l'affirmation de la dialectique. Une connaissance n'est qu'un moment sur l'axe du devenir. Au niveau de l'activit\u00e9 scientifique, l'homme est donc l'\u00eatre de la dialectique. Il est dans le monde, mais il cherche \u00e0 le r\u00e9duire \u00e0 l'expression qu'il en a. Son rapport au monde est dialectique, c'est-\u00e0-dire que le monde est sa repr\u00e9sentation. Celle-ci est cons\u00e9cutive \u00e0 sa fa\u00e7on de le penser, autrement dit aux moyens mis en \u0153uvre, c'est-\u00e0-dire les cadres de l'intelligibilit\u00e9."}

3e millénaire - Spiritualité - Connaissance de soi - Non-dualité - Méditation

Les nouvelles épistémologies par Léon-Jacques Delpech - 3e millénaire - Spiritualité - Connaissance de soi - Non-dualité - Méditation

<blockquote class="wp-embedded-content" data-secret="2G84j3nhZd"><a href="https://www.revue3emillenaire.com/blog/les-nouvelles-epistemologies-par-leon-jacques-delpech/">Les nouvelles épistémologies par Léon-Jacques Delpech</a></blockquote><iframe sandbox="allow-scripts" security="restricted" src="https://www.revue3emillenaire.com/blog/les-nouvelles-epistemologies-par-leon-jacques-delpech/embed/#?secret=2G84j3nhZd" width="600" height="338" title="« Les nouvelles épistémologies par Léon-Jacques Delpech » &#8212; 3e millénaire - Spiritualité - Connaissance de soi - Non-dualité - Méditation" data-secret="2G84j3nhZd" frameborder="0" marginwidth="0" marginheight="0" scrolling="no" class="wp-embedded-content"></iframe><script type="text/javascript">
/* <![CDATA[ */
/*! This file is auto-generated */
!function(d,l){"use strict";l.querySelector&&d.addEventListener&&"undefined"!=typeof URL&&(d.wp=d.wp||{},d.wp.receiveEmbedMessage||(d.wp.receiveEmbedMessage=function(e){var t=e.data;if((t||t.secret||t.message||t.value)&&!/[^a-zA-Z0-9]/.test(t.secret)){for(var s,r,n,a=l.querySelectorAll('iframe[data-secret="'+t.secret+'"]'),o=l.querySelectorAll('blockquote[data-secret="'+t.secret+'"]'),c=new RegExp("^https?:$","i"),i=0;i<o.length;i++)o[i].style.display="none";for(i=0;i<a.length;i++)s=a[i],e.source===s.contentWindow&&(s.removeAttribute("style"),"height"===t.message?(1e3<(r=parseInt(t.value,10))?r=1e3:~~r<200&&(r=200),s.height=r):"link"===t.message&&(r=new URL(s.getAttribute("src")),n=new URL(t.value),c.test(n.protocol))&&n.host===r.host&&l.activeElement===s&&(d.top.location.href=t.value))}},d.addEventListener("message",d.wp.receiveEmbedMessage,!1),l.addEventListener("DOMContentLoaded",function(){for(var e,t,s=l.querySelectorAll("iframe.wp-embedded-content"),r=0;r<s.length;r++)(t=(e=s[r]).getAttribute("data-secret"))||(t=Math.random().toString(36).substring(2,12),e.src+="#?secret="+t,e.setAttribute("data-secret",t)),e.contentWindow.postMessage({message:"ready",secret:t},"*")},!1)))}(window,document);
//# sourceURL=https://www.revue3emillenaire.com/blog/wp-includes/js/wp-embed.min.js
/* ]]> */
</script>

Pour Bachelard la science dans son histoire et dans ses processus de construction est l'affirmation de la dialectique. Une connaissance n'est qu'un moment sur l'axe du devenir. Au niveau de l'activité scientifique, l'homme est donc l'être de la dialectique. Il est dans le monde, mais il cherche à le réduire à l'expression qu'il en a. Son rapport au monde est dialectique, c'est-à-dire que le monde est sa représentation. Celle-ci est consécutive à sa façon de le penser, autrement dit aux moyens mis en œuvre, c'est-à-dire les cadres de l'intelligibilité.
