{"version":"1.0","provider_name":"3e mill\u00e9naire - Spiritualit\u00e9 - Connaissance de soi - Non-dualit\u00e9 - M\u00e9ditation","provider_url":"https:\/\/www.revue3emillenaire.com\/blog","title":"L'\u00e9volution de l'humanit\u00e9 par Pierre Cr\u00e9pon - 3e mill\u00e9naire - Spiritualit\u00e9 - Connaissance de soi - Non-dualit\u00e9 - M\u00e9ditation","type":"rich","width":600,"height":338,"html":"<blockquote class=\"wp-embedded-content\" data-secret=\"ropaNa7djJ\"><a href=\"https:\/\/www.revue3emillenaire.com\/blog\/levolution-de-lhumanite-par-pierre-crepon\/\">L&rsquo;\u00e9volution de l&rsquo;humanit\u00e9 par Pierre Cr\u00e9pon<\/a><\/blockquote><iframe sandbox=\"allow-scripts\" security=\"restricted\" src=\"https:\/\/www.revue3emillenaire.com\/blog\/levolution-de-lhumanite-par-pierre-crepon\/embed\/#?secret=ropaNa7djJ\" width=\"600\" height=\"338\" title=\"\u00ab\u00a0L&rsquo;\u00e9volution de l&rsquo;humanit\u00e9 par Pierre Cr\u00e9pon\u00a0\u00bb &#8212; 3e mill\u00e9naire - Spiritualit\u00e9 - Connaissance de soi - Non-dualit\u00e9 - M\u00e9ditation\" data-secret=\"ropaNa7djJ\" frameborder=\"0\" marginwidth=\"0\" marginheight=\"0\" scrolling=\"no\" class=\"wp-embedded-content\"><\/iframe><script type=\"text\/javascript\">\n\/* <![CDATA[ *\/\n\/*! This file is auto-generated *\/\n!function(d,l){\"use strict\";l.querySelector&&d.addEventListener&&\"undefined\"!=typeof URL&&(d.wp=d.wp||{},d.wp.receiveEmbedMessage||(d.wp.receiveEmbedMessage=function(e){var t=e.data;if((t||t.secret||t.message||t.value)&&!\/[^a-zA-Z0-9]\/.test(t.secret)){for(var s,r,n,a=l.querySelectorAll('iframe[data-secret=\"'+t.secret+'\"]'),o=l.querySelectorAll('blockquote[data-secret=\"'+t.secret+'\"]'),c=new RegExp(\"^https?:$\",\"i\"),i=0;i<o.length;i++)o[i].style.display=\"none\";for(i=0;i<a.length;i++)s=a[i],e.source===s.contentWindow&&(s.removeAttribute(\"style\"),\"height\"===t.message?(1e3<(r=parseInt(t.value,10))?r=1e3:~~r<200&&(r=200),s.height=r):\"link\"===t.message&&(r=new URL(s.getAttribute(\"src\")),n=new URL(t.value),c.test(n.protocol))&&n.host===r.host&&l.activeElement===s&&(d.top.location.href=t.value))}},d.addEventListener(\"message\",d.wp.receiveEmbedMessage,!1),l.addEventListener(\"DOMContentLoaded\",function(){for(var e,t,s=l.querySelectorAll(\"iframe.wp-embedded-content\"),r=0;r<s.length;r++)(t=(e=s[r]).getAttribute(\"data-secret\"))||(t=Math.random().toString(36).substring(2,12),e.src+=\"#?secret=\"+t,e.setAttribute(\"data-secret\",t)),e.contentWindow.postMessage({message:\"ready\",secret:t},\"*\")},!1)))}(window,document);\n\/\/# sourceURL=https:\/\/www.revue3emillenaire.com\/blog\/wp-includes\/js\/wp-embed.min.js\n\/* ]]> *\/\n<\/script>\n","description":"La th\u00e9orie d'une inn\u00e9it\u00e9 de l'agressivit\u00e9 humaine qui conduirait in\u00e9luctablement \u00e0 la guerre, est devenue particuli\u00e8rement c\u00e9l\u00e8bre par l'interm\u00e9diaire du sp\u00e9cialiste du comportement animal, Konrad Lorenz. Celui-ci publia un ouvrage en 1963, qui fut traduit en fran\u00e7ais en 1969 (chez Flammarion, la traduction am\u00e9ricaine est de 1966), sous le titre de \u00ab l'Agression, une histoire naturelle du mal \u00bb. Cette publication fut rapidement consid\u00e9r\u00e9e par une large fraction du public cultiv\u00e9 comme un livre d\u00e9finitif sur ce sujet. Lorenz d\u00e9veloppait l'id\u00e9e que le comportement agressif de l'homme tel qu'il se manifeste par exemple dans la guerre, est d\u00fb \u00e0 un instinct inn\u00e9 et phylog\u00e9n\u00e9tiquement programm\u00e9 de celui-ci."}

3e millénaire - Spiritualité - Connaissance de soi - Non-dualité - Méditation

L'évolution de l'humanité par Pierre Crépon - 3e millénaire - Spiritualité - Connaissance de soi - Non-dualité - Méditation

<blockquote class="wp-embedded-content" data-secret="ropaNa7djJ"><a href="https://www.revue3emillenaire.com/blog/levolution-de-lhumanite-par-pierre-crepon/">L&rsquo;évolution de l&rsquo;humanité par Pierre Crépon</a></blockquote><iframe sandbox="allow-scripts" security="restricted" src="https://www.revue3emillenaire.com/blog/levolution-de-lhumanite-par-pierre-crepon/embed/#?secret=ropaNa7djJ" width="600" height="338" title="« L&rsquo;évolution de l&rsquo;humanité par Pierre Crépon » &#8212; 3e millénaire - Spiritualité - Connaissance de soi - Non-dualité - Méditation" data-secret="ropaNa7djJ" frameborder="0" marginwidth="0" marginheight="0" scrolling="no" class="wp-embedded-content"></iframe><script type="text/javascript">
/* <![CDATA[ */
/*! This file is auto-generated */
!function(d,l){"use strict";l.querySelector&&d.addEventListener&&"undefined"!=typeof URL&&(d.wp=d.wp||{},d.wp.receiveEmbedMessage||(d.wp.receiveEmbedMessage=function(e){var t=e.data;if((t||t.secret||t.message||t.value)&&!/[^a-zA-Z0-9]/.test(t.secret)){for(var s,r,n,a=l.querySelectorAll('iframe[data-secret="'+t.secret+'"]'),o=l.querySelectorAll('blockquote[data-secret="'+t.secret+'"]'),c=new RegExp("^https?:$","i"),i=0;i<o.length;i++)o[i].style.display="none";for(i=0;i<a.length;i++)s=a[i],e.source===s.contentWindow&&(s.removeAttribute("style"),"height"===t.message?(1e3<(r=parseInt(t.value,10))?r=1e3:~~r<200&&(r=200),s.height=r):"link"===t.message&&(r=new URL(s.getAttribute("src")),n=new URL(t.value),c.test(n.protocol))&&n.host===r.host&&l.activeElement===s&&(d.top.location.href=t.value))}},d.addEventListener("message",d.wp.receiveEmbedMessage,!1),l.addEventListener("DOMContentLoaded",function(){for(var e,t,s=l.querySelectorAll("iframe.wp-embedded-content"),r=0;r<s.length;r++)(t=(e=s[r]).getAttribute("data-secret"))||(t=Math.random().toString(36).substring(2,12),e.src+="#?secret="+t,e.setAttribute("data-secret",t)),e.contentWindow.postMessage({message:"ready",secret:t},"*")},!1)))}(window,document);
//# sourceURL=https://www.revue3emillenaire.com/blog/wp-includes/js/wp-embed.min.js
/* ]]> */
</script>

La théorie d'une innéité de l'agressivité humaine qui conduirait inéluctablement à la guerre, est devenue particulièrement célèbre par l'intermédiaire du spécialiste du comportement animal, Konrad Lorenz. Celui-ci publia un ouvrage en 1963, qui fut traduit en français en 1969 (chez Flammarion, la traduction américaine est de 1966), sous le titre de « l'Agression, une histoire naturelle du mal ». Cette publication fut rapidement considérée par une large fraction du public cultivé comme un livre définitif sur ce sujet. Lorenz développait l'idée que le comportement agressif de l'homme tel qu'il se manifeste par exemple dans la guerre, est dû à un instinct inné et phylogénétiquement programmé de celui-ci.
