{"version":"1.0","provider_name":"3e mill\u00e9naire - Spiritualit\u00e9 - Connaissance de soi - Non-dualit\u00e9 - M\u00e9ditation","provider_url":"https:\/\/www.revue3emillenaire.com\/blog","title":"Maitrise ou harmonie? par Gabriel Monod-Herzen - 3e mill\u00e9naire - Spiritualit\u00e9 - Connaissance de soi - Non-dualit\u00e9 - M\u00e9ditation","type":"rich","width":600,"height":338,"html":"<blockquote class=\"wp-embedded-content\" data-secret=\"sUqqUWwN6b\"><a href=\"https:\/\/www.revue3emillenaire.com\/blog\/maitrise-ou-harmonie-par-gabriel-monod-herzen\/\">Maitrise ou harmonie? par Gabriel Monod-Herzen<\/a><\/blockquote><iframe sandbox=\"allow-scripts\" security=\"restricted\" src=\"https:\/\/www.revue3emillenaire.com\/blog\/maitrise-ou-harmonie-par-gabriel-monod-herzen\/embed\/#?secret=sUqqUWwN6b\" width=\"600\" height=\"338\" title=\"\u00ab\u00a0Maitrise ou harmonie? par Gabriel Monod-Herzen\u00a0\u00bb &#8212; 3e mill\u00e9naire - Spiritualit\u00e9 - Connaissance de soi - Non-dualit\u00e9 - M\u00e9ditation\" data-secret=\"sUqqUWwN6b\" frameborder=\"0\" marginwidth=\"0\" marginheight=\"0\" scrolling=\"no\" class=\"wp-embedded-content\"><\/iframe><script type=\"text\/javascript\">\n\/* <![CDATA[ *\/\n\/*! This file is auto-generated *\/\n!function(d,l){\"use strict\";l.querySelector&&d.addEventListener&&\"undefined\"!=typeof URL&&(d.wp=d.wp||{},d.wp.receiveEmbedMessage||(d.wp.receiveEmbedMessage=function(e){var t=e.data;if((t||t.secret||t.message||t.value)&&!\/[^a-zA-Z0-9]\/.test(t.secret)){for(var s,r,n,a=l.querySelectorAll('iframe[data-secret=\"'+t.secret+'\"]'),o=l.querySelectorAll('blockquote[data-secret=\"'+t.secret+'\"]'),c=new RegExp(\"^https?:$\",\"i\"),i=0;i<o.length;i++)o[i].style.display=\"none\";for(i=0;i<a.length;i++)s=a[i],e.source===s.contentWindow&&(s.removeAttribute(\"style\"),\"height\"===t.message?(1e3<(r=parseInt(t.value,10))?r=1e3:~~r<200&&(r=200),s.height=r):\"link\"===t.message&&(r=new URL(s.getAttribute(\"src\")),n=new URL(t.value),c.test(n.protocol))&&n.host===r.host&&l.activeElement===s&&(d.top.location.href=t.value))}},d.addEventListener(\"message\",d.wp.receiveEmbedMessage,!1),l.addEventListener(\"DOMContentLoaded\",function(){for(var e,t,s=l.querySelectorAll(\"iframe.wp-embedded-content\"),r=0;r<s.length;r++)(t=(e=s[r]).getAttribute(\"data-secret\"))||(t=Math.random().toString(36).substring(2,12),e.src+=\"#?secret=\"+t,e.setAttribute(\"data-secret\",t)),e.contentWindow.postMessage({message:\"ready\",secret:t},\"*\")},!1)))}(window,document);\n\/\/# sourceURL=https:\/\/www.revue3emillenaire.com\/blog\/wp-includes\/js\/wp-embed.min.js\n\/* ]]> *\/\n<\/script>\n","description":"Dans le domaine du vital, celui des sentiments sous toutes ses formes, depuis la simple douleur jusqu'\u00e0 l'intuition artistique, vous avez des exp\u00e9riences \u00e0 faire. Il est in\u00e9vitable que vous vous trompiez un certain nombre de fois. L'avenir vous le montrera. Le vital a ce qu'il doit avoir. Ce qui devrait \u00eatre le fond de l'\u00e9ducation, mais comment l'enseigner ? \u2014 c'est d'apprendre \u00e0 l'utiliser. En Europe c'est dans le domaine artistique que l'on trouve la r\u00e9ponse le plus souvent. Vous avez des \u00eatres qui ont un vital tr\u00e8s puissant, ils peuvent avoir des tas de d\u00e9fauts, mais ce sont de v\u00e9ritables artistes. Ils auront un point o\u00f9 le vital chez eux, atteindra un niveau sup\u00e9rieur. Ce n'est pas la manifestation du vital qui est mauvaise, c'est l'usage qu'on en fait."}

3e millénaire - Spiritualité - Connaissance de soi - Non-dualité - Méditation

Maitrise ou harmonie? par Gabriel Monod-Herzen - 3e millénaire - Spiritualité - Connaissance de soi - Non-dualité - Méditation

<blockquote class="wp-embedded-content" data-secret="sUqqUWwN6b"><a href="https://www.revue3emillenaire.com/blog/maitrise-ou-harmonie-par-gabriel-monod-herzen/">Maitrise ou harmonie? par Gabriel Monod-Herzen</a></blockquote><iframe sandbox="allow-scripts" security="restricted" src="https://www.revue3emillenaire.com/blog/maitrise-ou-harmonie-par-gabriel-monod-herzen/embed/#?secret=sUqqUWwN6b" width="600" height="338" title="« Maitrise ou harmonie? par Gabriel Monod-Herzen » &#8212; 3e millénaire - Spiritualité - Connaissance de soi - Non-dualité - Méditation" data-secret="sUqqUWwN6b" frameborder="0" marginwidth="0" marginheight="0" scrolling="no" class="wp-embedded-content"></iframe><script type="text/javascript">
/* <![CDATA[ */
/*! This file is auto-generated */
!function(d,l){"use strict";l.querySelector&&d.addEventListener&&"undefined"!=typeof URL&&(d.wp=d.wp||{},d.wp.receiveEmbedMessage||(d.wp.receiveEmbedMessage=function(e){var t=e.data;if((t||t.secret||t.message||t.value)&&!/[^a-zA-Z0-9]/.test(t.secret)){for(var s,r,n,a=l.querySelectorAll('iframe[data-secret="'+t.secret+'"]'),o=l.querySelectorAll('blockquote[data-secret="'+t.secret+'"]'),c=new RegExp("^https?:$","i"),i=0;i<o.length;i++)o[i].style.display="none";for(i=0;i<a.length;i++)s=a[i],e.source===s.contentWindow&&(s.removeAttribute("style"),"height"===t.message?(1e3<(r=parseInt(t.value,10))?r=1e3:~~r<200&&(r=200),s.height=r):"link"===t.message&&(r=new URL(s.getAttribute("src")),n=new URL(t.value),c.test(n.protocol))&&n.host===r.host&&l.activeElement===s&&(d.top.location.href=t.value))}},d.addEventListener("message",d.wp.receiveEmbedMessage,!1),l.addEventListener("DOMContentLoaded",function(){for(var e,t,s=l.querySelectorAll("iframe.wp-embedded-content"),r=0;r<s.length;r++)(t=(e=s[r]).getAttribute("data-secret"))||(t=Math.random().toString(36).substring(2,12),e.src+="#?secret="+t,e.setAttribute("data-secret",t)),e.contentWindow.postMessage({message:"ready",secret:t},"*")},!1)))}(window,document);
//# sourceURL=https://www.revue3emillenaire.com/blog/wp-includes/js/wp-embed.min.js
/* ]]> */
</script>

Dans le domaine du vital, celui des sentiments sous toutes ses formes, depuis la simple douleur jusqu'à l'intuition artistique, vous avez des expériences à faire. Il est inévitable que vous vous trompiez un certain nombre de fois. L'avenir vous le montrera. Le vital a ce qu'il doit avoir. Ce qui devrait être le fond de l'éducation, mais comment l'enseigner ? — c'est d'apprendre à l'utiliser. En Europe c'est dans le domaine artistique que l'on trouve la réponse le plus souvent. Vous avez des êtres qui ont un vital très puissant, ils peuvent avoir des tas de défauts, mais ce sont de véritables artistes. Ils auront un point où le vital chez eux, atteindra un niveau supérieur. Ce n'est pas la manifestation du vital qui est mauvaise, c'est l'usage qu'on en fait.
