{"version":"1.0","provider_name":"3e mill\u00e9naire - Spiritualit\u00e9 - Connaissance de soi - Non-dualit\u00e9 - M\u00e9ditation","provider_url":"https:\/\/www.revue3emillenaire.com\/blog","title":"Pour mieux comprendre l'islam mystique par Jean Chevalier - 3e mill\u00e9naire - Spiritualit\u00e9 - Connaissance de soi - Non-dualit\u00e9 - M\u00e9ditation","type":"rich","width":600,"height":338,"html":"<blockquote class=\"wp-embedded-content\" data-secret=\"LVY8Iw8emg\"><a href=\"https:\/\/www.revue3emillenaire.com\/blog\/pour-mieux-comprendre-lislam-mystique-par-jean-chevalier\/\">Pour mieux comprendre l&rsquo;islam mystique par Jean Chevalier<\/a><\/blockquote><iframe sandbox=\"allow-scripts\" security=\"restricted\" src=\"https:\/\/www.revue3emillenaire.com\/blog\/pour-mieux-comprendre-lislam-mystique-par-jean-chevalier\/embed\/#?secret=LVY8Iw8emg\" width=\"600\" height=\"338\" title=\"\u00ab\u00a0Pour mieux comprendre l&rsquo;islam mystique par Jean Chevalier\u00a0\u00bb &#8212; 3e mill\u00e9naire - Spiritualit\u00e9 - Connaissance de soi - Non-dualit\u00e9 - M\u00e9ditation\" data-secret=\"LVY8Iw8emg\" frameborder=\"0\" marginwidth=\"0\" marginheight=\"0\" scrolling=\"no\" class=\"wp-embedded-content\"><\/iframe><script type=\"text\/javascript\">\n\/* <![CDATA[ *\/\n\/*! This file is auto-generated *\/\n!function(d,l){\"use strict\";l.querySelector&&d.addEventListener&&\"undefined\"!=typeof URL&&(d.wp=d.wp||{},d.wp.receiveEmbedMessage||(d.wp.receiveEmbedMessage=function(e){var t=e.data;if((t||t.secret||t.message||t.value)&&!\/[^a-zA-Z0-9]\/.test(t.secret)){for(var s,r,n,a=l.querySelectorAll('iframe[data-secret=\"'+t.secret+'\"]'),o=l.querySelectorAll('blockquote[data-secret=\"'+t.secret+'\"]'),c=new RegExp(\"^https?:$\",\"i\"),i=0;i<o.length;i++)o[i].style.display=\"none\";for(i=0;i<a.length;i++)s=a[i],e.source===s.contentWindow&&(s.removeAttribute(\"style\"),\"height\"===t.message?(1e3<(r=parseInt(t.value,10))?r=1e3:~~r<200&&(r=200),s.height=r):\"link\"===t.message&&(r=new URL(s.getAttribute(\"src\")),n=new URL(t.value),c.test(n.protocol))&&n.host===r.host&&l.activeElement===s&&(d.top.location.href=t.value))}},d.addEventListener(\"message\",d.wp.receiveEmbedMessage,!1),l.addEventListener(\"DOMContentLoaded\",function(){for(var e,t,s=l.querySelectorAll(\"iframe.wp-embedded-content\"),r=0;r<s.length;r++)(t=(e=s[r]).getAttribute(\"data-secret\"))||(t=Math.random().toString(36).substring(2,12),e.src+=\"#?secret=\"+t,e.setAttribute(\"data-secret\",t)),e.contentWindow.postMessage({message:\"ready\",secret:t},\"*\")},!1)))}(window,document);\n\/\/# sourceURL=https:\/\/www.revue3emillenaire.com\/blog\/wp-includes\/js\/wp-embed.min.js\n\/* ]]> *\/\n<\/script>\n","description":"On n'insistera jamais assez, quand il s'agit de valeurs mystiques, sur le fait que la Parole ne d\u00e9couvre son sens qu'en s'incarnant dans la vie. Les musulmans repoussent toute incarnation du Verbe de Dieu parce qu'ils ne croient pas \u00e0 un Dieu en trois personnes et parce qu'une Incarnation comme celle d'un Christ-Dieu contredirait, \u00e0 leurs yeux, la souveraine transcendance. Mais parmi eux, en faisant par leur vie l'exp\u00e9rience de la v\u00e9rit\u00e9 coranique, les mystiques ont, en quelque sorte, incarn\u00e9 la Parole et, en se d\u00e9sincarnant par leur asc\u00e8se, c'est elle qu'ils ont manifest\u00e9e. Ils lui ont alors donn\u00e9 un sens et une valeur qui font exploser toutes les capsules des mots."}

3e millénaire - Spiritualité - Connaissance de soi - Non-dualité - Méditation

Pour mieux comprendre l'islam mystique par Jean Chevalier - 3e millénaire - Spiritualité - Connaissance de soi - Non-dualité - Méditation

<blockquote class="wp-embedded-content" data-secret="LVY8Iw8emg"><a href="https://www.revue3emillenaire.com/blog/pour-mieux-comprendre-lislam-mystique-par-jean-chevalier/">Pour mieux comprendre l&rsquo;islam mystique par Jean Chevalier</a></blockquote><iframe sandbox="allow-scripts" security="restricted" src="https://www.revue3emillenaire.com/blog/pour-mieux-comprendre-lislam-mystique-par-jean-chevalier/embed/#?secret=LVY8Iw8emg" width="600" height="338" title="« Pour mieux comprendre l&rsquo;islam mystique par Jean Chevalier » &#8212; 3e millénaire - Spiritualité - Connaissance de soi - Non-dualité - Méditation" data-secret="LVY8Iw8emg" frameborder="0" marginwidth="0" marginheight="0" scrolling="no" class="wp-embedded-content"></iframe><script type="text/javascript">
/* <![CDATA[ */
/*! This file is auto-generated */
!function(d,l){"use strict";l.querySelector&&d.addEventListener&&"undefined"!=typeof URL&&(d.wp=d.wp||{},d.wp.receiveEmbedMessage||(d.wp.receiveEmbedMessage=function(e){var t=e.data;if((t||t.secret||t.message||t.value)&&!/[^a-zA-Z0-9]/.test(t.secret)){for(var s,r,n,a=l.querySelectorAll('iframe[data-secret="'+t.secret+'"]'),o=l.querySelectorAll('blockquote[data-secret="'+t.secret+'"]'),c=new RegExp("^https?:$","i"),i=0;i<o.length;i++)o[i].style.display="none";for(i=0;i<a.length;i++)s=a[i],e.source===s.contentWindow&&(s.removeAttribute("style"),"height"===t.message?(1e3<(r=parseInt(t.value,10))?r=1e3:~~r<200&&(r=200),s.height=r):"link"===t.message&&(r=new URL(s.getAttribute("src")),n=new URL(t.value),c.test(n.protocol))&&n.host===r.host&&l.activeElement===s&&(d.top.location.href=t.value))}},d.addEventListener("message",d.wp.receiveEmbedMessage,!1),l.addEventListener("DOMContentLoaded",function(){for(var e,t,s=l.querySelectorAll("iframe.wp-embedded-content"),r=0;r<s.length;r++)(t=(e=s[r]).getAttribute("data-secret"))||(t=Math.random().toString(36).substring(2,12),e.src+="#?secret="+t,e.setAttribute("data-secret",t)),e.contentWindow.postMessage({message:"ready",secret:t},"*")},!1)))}(window,document);
//# sourceURL=https://www.revue3emillenaire.com/blog/wp-includes/js/wp-embed.min.js
/* ]]> */
</script>

On n'insistera jamais assez, quand il s'agit de valeurs mystiques, sur le fait que la Parole ne découvre son sens qu'en s'incarnant dans la vie. Les musulmans repoussent toute incarnation du Verbe de Dieu parce qu'ils ne croient pas à un Dieu en trois personnes et parce qu'une Incarnation comme celle d'un Christ-Dieu contredirait, à leurs yeux, la souveraine transcendance. Mais parmi eux, en faisant par leur vie l'expérience de la vérité coranique, les mystiques ont, en quelque sorte, incarné la Parole et, en se désincarnant par leur ascèse, c'est elle qu'ils ont manifestée. Ils lui ont alors donné un sens et une valeur qui font exploser toutes les capsules des mots.
