{"version":"1.0","provider_name":"3e mill\u00e9naire - Spiritualit\u00e9 - Connaissance de soi - Non-dualit\u00e9 - M\u00e9ditation","provider_url":"https:\/\/www.revue3emillenaire.com\/blog","title":"Pourquoi l&#39;Univers ? (Questions et R&eacute;ponses) par Robert Linssen - 3e mill\u00e9naire - Spiritualit\u00e9 - Connaissance de soi - Non-dualit\u00e9 - M\u00e9ditation","type":"rich","width":600,"height":338,"html":"<blockquote class=\"wp-embedded-content\" data-secret=\"OPAslodmvi\"><a href=\"https:\/\/www.revue3emillenaire.com\/blog\/pourquoi-lunivers-questions-et-rponses-par-robert-linssen\/\">Pourquoi l&#39;Univers ? (Questions et R&eacute;ponses)  par Robert Linssen<\/a><\/blockquote><iframe sandbox=\"allow-scripts\" security=\"restricted\" src=\"https:\/\/www.revue3emillenaire.com\/blog\/pourquoi-lunivers-questions-et-rponses-par-robert-linssen\/embed\/#?secret=OPAslodmvi\" width=\"600\" height=\"338\" title=\"\u00ab\u00a0Pourquoi l&#039;Univers ? (Questions et R&eacute;ponses)  par Robert Linssen\u00a0\u00bb &#8212; 3e mill\u00e9naire - Spiritualit\u00e9 - Connaissance de soi - Non-dualit\u00e9 - M\u00e9ditation\" data-secret=\"OPAslodmvi\" frameborder=\"0\" marginwidth=\"0\" marginheight=\"0\" scrolling=\"no\" class=\"wp-embedded-content\"><\/iframe><script type=\"text\/javascript\">\n\/* <![CDATA[ *\/\n\/*! This file is auto-generated *\/\n!function(d,l){\"use strict\";l.querySelector&&d.addEventListener&&\"undefined\"!=typeof URL&&(d.wp=d.wp||{},d.wp.receiveEmbedMessage||(d.wp.receiveEmbedMessage=function(e){var t=e.data;if((t||t.secret||t.message||t.value)&&!\/[^a-zA-Z0-9]\/.test(t.secret)){for(var s,r,n,a=l.querySelectorAll('iframe[data-secret=\"'+t.secret+'\"]'),o=l.querySelectorAll('blockquote[data-secret=\"'+t.secret+'\"]'),c=new RegExp(\"^https?:$\",\"i\"),i=0;i<o.length;i++)o[i].style.display=\"none\";for(i=0;i<a.length;i++)s=a[i],e.source===s.contentWindow&&(s.removeAttribute(\"style\"),\"height\"===t.message?(1e3<(r=parseInt(t.value,10))?r=1e3:~~r<200&&(r=200),s.height=r):\"link\"===t.message&&(r=new URL(s.getAttribute(\"src\")),n=new URL(t.value),c.test(n.protocol))&&n.host===r.host&&l.activeElement===s&&(d.top.location.href=t.value))}},d.addEventListener(\"message\",d.wp.receiveEmbedMessage,!1),l.addEventListener(\"DOMContentLoaded\",function(){for(var e,t,s=l.querySelectorAll(\"iframe.wp-embedded-content\"),r=0;r<s.length;r++)(t=(e=s[r]).getAttribute(\"data-secret\"))||(t=Math.random().toString(36).substring(2,12),e.src+=\"#?secret=\"+t,e.setAttribute(\"data-secret\",t)),e.contentWindow.postMessage({message:\"ready\",secret:t},\"*\")},!1)))}(window,document);\n\/\/# sourceURL=https:\/\/www.revue3emillenaire.com\/blog\/wp-includes\/js\/wp-embed.min.js\n\/* ]]> *\/\n<\/script>\n","description":"L'id\u00e9e d'un cr\u00e9ateur du monde est une illusion enfant\u00e9e par l'esprit d\u00e9form\u00e9 des hommes. Notre logique, comme le disait Bergson, est n\u00e9e dans les solides et porte les empreintes ind\u00e9l\u00e9biles du milieu o\u00f9 elle s'est \u00e9difi\u00e9e : notre logique est une logique des solides. Nous, \u2014 qui avons un commencement et une fin, \u2014 avons tendance \u00e0 assigner \u00e0 toutes choses, un commencement et une fin. Nous \u2014 qui sommes cr\u00e9\u00e9s \u2014 avons une tendance \u00e0 vouloir plier l'univers entier, aux exigences des processus qui pr\u00e9sident \u00e0 nos destin\u00e9es."}

3e millénaire - Spiritualité - Connaissance de soi - Non-dualité - Méditation

Pourquoi l&#39;Univers ? (Questions et R&eacute;ponses) par Robert Linssen - 3e millénaire - Spiritualité - Connaissance de soi - Non-dualité - Méditation

<blockquote class="wp-embedded-content" data-secret="OPAslodmvi"><a href="https://www.revue3emillenaire.com/blog/pourquoi-lunivers-questions-et-rponses-par-robert-linssen/">Pourquoi l&#39;Univers ? (Questions et R&eacute;ponses)  par Robert Linssen</a></blockquote><iframe sandbox="allow-scripts" security="restricted" src="https://www.revue3emillenaire.com/blog/pourquoi-lunivers-questions-et-rponses-par-robert-linssen/embed/#?secret=OPAslodmvi" width="600" height="338" title="« Pourquoi l&#039;Univers ? (Questions et R&eacute;ponses)  par Robert Linssen » &#8212; 3e millénaire - Spiritualité - Connaissance de soi - Non-dualité - Méditation" data-secret="OPAslodmvi" frameborder="0" marginwidth="0" marginheight="0" scrolling="no" class="wp-embedded-content"></iframe><script type="text/javascript">
/* <![CDATA[ */
/*! This file is auto-generated */
!function(d,l){"use strict";l.querySelector&&d.addEventListener&&"undefined"!=typeof URL&&(d.wp=d.wp||{},d.wp.receiveEmbedMessage||(d.wp.receiveEmbedMessage=function(e){var t=e.data;if((t||t.secret||t.message||t.value)&&!/[^a-zA-Z0-9]/.test(t.secret)){for(var s,r,n,a=l.querySelectorAll('iframe[data-secret="'+t.secret+'"]'),o=l.querySelectorAll('blockquote[data-secret="'+t.secret+'"]'),c=new RegExp("^https?:$","i"),i=0;i<o.length;i++)o[i].style.display="none";for(i=0;i<a.length;i++)s=a[i],e.source===s.contentWindow&&(s.removeAttribute("style"),"height"===t.message?(1e3<(r=parseInt(t.value,10))?r=1e3:~~r<200&&(r=200),s.height=r):"link"===t.message&&(r=new URL(s.getAttribute("src")),n=new URL(t.value),c.test(n.protocol))&&n.host===r.host&&l.activeElement===s&&(d.top.location.href=t.value))}},d.addEventListener("message",d.wp.receiveEmbedMessage,!1),l.addEventListener("DOMContentLoaded",function(){for(var e,t,s=l.querySelectorAll("iframe.wp-embedded-content"),r=0;r<s.length;r++)(t=(e=s[r]).getAttribute("data-secret"))||(t=Math.random().toString(36).substring(2,12),e.src+="#?secret="+t,e.setAttribute("data-secret",t)),e.contentWindow.postMessage({message:"ready",secret:t},"*")},!1)))}(window,document);
//# sourceURL=https://www.revue3emillenaire.com/blog/wp-includes/js/wp-embed.min.js
/* ]]> */
</script>

L'idée d'un créateur du monde est une illusion enfantée par l'esprit déformé des hommes. Notre logique, comme le disait Bergson, est née dans les solides et porte les empreintes indélébiles du milieu où elle s'est édifiée : notre logique est une logique des solides. Nous, — qui avons un commencement et une fin, — avons tendance à assigner à toutes choses, un commencement et une fin. Nous — qui sommes créés — avons une tendance à vouloir plier l'univers entier, aux exigences des processus qui président à nos destinées.
