{"version":"1.0","provider_name":"3e mill\u00e9naire - Spiritualit\u00e9 - Connaissance de soi - Non-dualit\u00e9 - M\u00e9ditation","provider_url":"https:\/\/www.revue3emillenaire.com\/blog","title":"Prodiges au Portugal Par L.-J. Delpech - 3e mill\u00e9naire - Spiritualit\u00e9 - Connaissance de soi - Non-dualit\u00e9 - M\u00e9ditation","type":"rich","width":600,"height":338,"html":"<blockquote class=\"wp-embedded-content\" data-secret=\"WowRNPMEvu\"><a href=\"https:\/\/www.revue3emillenaire.com\/blog\/prodiges-au-portugal-par-l-j-delpech\/\">Prodiges au Portugal Par L.-J. Delpech<\/a><\/blockquote><iframe sandbox=\"allow-scripts\" security=\"restricted\" src=\"https:\/\/www.revue3emillenaire.com\/blog\/prodiges-au-portugal-par-l-j-delpech\/embed\/#?secret=WowRNPMEvu\" width=\"600\" height=\"338\" title=\"\u00ab\u00a0Prodiges au Portugal Par L.-J. Delpech\u00a0\u00bb &#8212; 3e mill\u00e9naire - Spiritualit\u00e9 - Connaissance de soi - Non-dualit\u00e9 - M\u00e9ditation\" data-secret=\"WowRNPMEvu\" frameborder=\"0\" marginwidth=\"0\" marginheight=\"0\" scrolling=\"no\" class=\"wp-embedded-content\"><\/iframe><script type=\"text\/javascript\">\n\/* <![CDATA[ *\/\n\/*! This file is auto-generated *\/\n!function(d,l){\"use strict\";l.querySelector&&d.addEventListener&&\"undefined\"!=typeof URL&&(d.wp=d.wp||{},d.wp.receiveEmbedMessage||(d.wp.receiveEmbedMessage=function(e){var t=e.data;if((t||t.secret||t.message||t.value)&&!\/[^a-zA-Z0-9]\/.test(t.secret)){for(var s,r,n,a=l.querySelectorAll('iframe[data-secret=\"'+t.secret+'\"]'),o=l.querySelectorAll('blockquote[data-secret=\"'+t.secret+'\"]'),c=new RegExp(\"^https?:$\",\"i\"),i=0;i<o.length;i++)o[i].style.display=\"none\";for(i=0;i<a.length;i++)s=a[i],e.source===s.contentWindow&&(s.removeAttribute(\"style\"),\"height\"===t.message?(1e3<(r=parseInt(t.value,10))?r=1e3:~~r<200&&(r=200),s.height=r):\"link\"===t.message&&(r=new URL(s.getAttribute(\"src\")),n=new URL(t.value),c.test(n.protocol))&&n.host===r.host&&l.activeElement===s&&(d.top.location.href=t.value))}},d.addEventListener(\"message\",d.wp.receiveEmbedMessage,!1),l.addEventListener(\"DOMContentLoaded\",function(){for(var e,t,s=l.querySelectorAll(\"iframe.wp-embedded-content\"),r=0;r<s.length;r++)(t=(e=s[r]).getAttribute(\"data-secret\"))||(t=Math.random().toString(36).substring(2,12),e.src+=\"#?secret=\"+t,e.setAttribute(\"data-secret\",t)),e.contentWindow.postMessage({message:\"ready\",secret:t},\"*\")},!1)))}(window,document);\n\/\/# sourceURL=https:\/\/www.revue3emillenaire.com\/blog\/wp-includes\/js\/wp-embed.min.js\n\/* ]]> *\/\n<\/script>\n","description":"Y a-t-il des lieux inspir\u00e9s? On se rappelle la colline inspir\u00e9e de Barr\u00e8s. Dans une conversation avec le cardinal Dani\u00e9lou deux ans avant sa mort, celui-ci me d\u00e9clara y croire avec une conviction certaine, malheureusement, nous ne p\u00fbmes approfondir. Le probl\u00e8me est un peu en rapport avec celui de la g\u00e9ographie des religions et des sanctuaires. On a vu une \u00e9tude classique de Richer : G\u00e9ographie sacr\u00e9e de la Gr\u00e8ce, sur la distribution des temples grecs en fonction de l'emplacement des \u00e9toiles. Mais si cette perspective pouvait nous faire comprendre une influence cosmique en rapport avec les ondes cosmiques, cela n'est pas une r\u00e9duction mais un effort d'explication."}

3e millénaire - Spiritualité - Connaissance de soi - Non-dualité - Méditation

Prodiges au Portugal Par L.-J. Delpech - 3e millénaire - Spiritualité - Connaissance de soi - Non-dualité - Méditation

<blockquote class="wp-embedded-content" data-secret="WowRNPMEvu"><a href="https://www.revue3emillenaire.com/blog/prodiges-au-portugal-par-l-j-delpech/">Prodiges au Portugal Par L.-J. Delpech</a></blockquote><iframe sandbox="allow-scripts" security="restricted" src="https://www.revue3emillenaire.com/blog/prodiges-au-portugal-par-l-j-delpech/embed/#?secret=WowRNPMEvu" width="600" height="338" title="« Prodiges au Portugal Par L.-J. Delpech » &#8212; 3e millénaire - Spiritualité - Connaissance de soi - Non-dualité - Méditation" data-secret="WowRNPMEvu" frameborder="0" marginwidth="0" marginheight="0" scrolling="no" class="wp-embedded-content"></iframe><script type="text/javascript">
/* <![CDATA[ */
/*! This file is auto-generated */
!function(d,l){"use strict";l.querySelector&&d.addEventListener&&"undefined"!=typeof URL&&(d.wp=d.wp||{},d.wp.receiveEmbedMessage||(d.wp.receiveEmbedMessage=function(e){var t=e.data;if((t||t.secret||t.message||t.value)&&!/[^a-zA-Z0-9]/.test(t.secret)){for(var s,r,n,a=l.querySelectorAll('iframe[data-secret="'+t.secret+'"]'),o=l.querySelectorAll('blockquote[data-secret="'+t.secret+'"]'),c=new RegExp("^https?:$","i"),i=0;i<o.length;i++)o[i].style.display="none";for(i=0;i<a.length;i++)s=a[i],e.source===s.contentWindow&&(s.removeAttribute("style"),"height"===t.message?(1e3<(r=parseInt(t.value,10))?r=1e3:~~r<200&&(r=200),s.height=r):"link"===t.message&&(r=new URL(s.getAttribute("src")),n=new URL(t.value),c.test(n.protocol))&&n.host===r.host&&l.activeElement===s&&(d.top.location.href=t.value))}},d.addEventListener("message",d.wp.receiveEmbedMessage,!1),l.addEventListener("DOMContentLoaded",function(){for(var e,t,s=l.querySelectorAll("iframe.wp-embedded-content"),r=0;r<s.length;r++)(t=(e=s[r]).getAttribute("data-secret"))||(t=Math.random().toString(36).substring(2,12),e.src+="#?secret="+t,e.setAttribute("data-secret",t)),e.contentWindow.postMessage({message:"ready",secret:t},"*")},!1)))}(window,document);
//# sourceURL=https://www.revue3emillenaire.com/blog/wp-includes/js/wp-embed.min.js
/* ]]> */
</script>

Y a-t-il des lieux inspirés? On se rappelle la colline inspirée de Barrès. Dans une conversation avec le cardinal Daniélou deux ans avant sa mort, celui-ci me déclara y croire avec une conviction certaine, malheureusement, nous ne pûmes approfondir. Le problème est un peu en rapport avec celui de la géographie des religions et des sanctuaires. On a vu une étude classique de Richer : Géographie sacrée de la Grèce, sur la distribution des temples grecs en fonction de l'emplacement des étoiles. Mais si cette perspective pouvait nous faire comprendre une influence cosmique en rapport avec les ondes cosmiques, cela n'est pas une réduction mais un effort d'explication.
