{"version":"1.0","provider_name":"3e mill\u00e9naire - Spiritualit\u00e9 - Connaissance de soi - Non-dualit\u00e9 - M\u00e9ditation","provider_url":"https:\/\/www.revue3emillenaire.com\/blog","title":"Repenser Rudolf Steiner par Bruce Kirchoff - 3e mill\u00e9naire - Spiritualit\u00e9 - Connaissance de soi - Non-dualit\u00e9 - M\u00e9ditation","type":"rich","width":600,"height":338,"html":"<blockquote class=\"wp-embedded-content\" data-secret=\"MyDFKlPUWY\"><a href=\"https:\/\/www.revue3emillenaire.com\/blog\/repenser-rudolf-steiner-par-bruce-kirchoff\/\">Repenser Rudolf Steiner par Bruce Kirchoff<\/a><\/blockquote><iframe sandbox=\"allow-scripts\" security=\"restricted\" src=\"https:\/\/www.revue3emillenaire.com\/blog\/repenser-rudolf-steiner-par-bruce-kirchoff\/embed\/#?secret=MyDFKlPUWY\" width=\"600\" height=\"338\" title=\"\u00ab\u00a0Repenser Rudolf Steiner par Bruce Kirchoff\u00a0\u00bb &#8212; 3e mill\u00e9naire - Spiritualit\u00e9 - Connaissance de soi - Non-dualit\u00e9 - M\u00e9ditation\" data-secret=\"MyDFKlPUWY\" frameborder=\"0\" marginwidth=\"0\" marginheight=\"0\" scrolling=\"no\" class=\"wp-embedded-content\"><\/iframe><script type=\"text\/javascript\">\n\/* <![CDATA[ *\/\n\/*! This file is auto-generated *\/\n!function(d,l){\"use strict\";l.querySelector&&d.addEventListener&&\"undefined\"!=typeof URL&&(d.wp=d.wp||{},d.wp.receiveEmbedMessage||(d.wp.receiveEmbedMessage=function(e){var t=e.data;if((t||t.secret||t.message||t.value)&&!\/[^a-zA-Z0-9]\/.test(t.secret)){for(var s,r,n,a=l.querySelectorAll('iframe[data-secret=\"'+t.secret+'\"]'),o=l.querySelectorAll('blockquote[data-secret=\"'+t.secret+'\"]'),c=new RegExp(\"^https?:$\",\"i\"),i=0;i<o.length;i++)o[i].style.display=\"none\";for(i=0;i<a.length;i++)s=a[i],e.source===s.contentWindow&&(s.removeAttribute(\"style\"),\"height\"===t.message?(1e3<(r=parseInt(t.value,10))?r=1e3:~~r<200&&(r=200),s.height=r):\"link\"===t.message&&(r=new URL(s.getAttribute(\"src\")),n=new URL(t.value),c.test(n.protocol))&&n.host===r.host&&l.activeElement===s&&(d.top.location.href=t.value))}},d.addEventListener(\"message\",d.wp.receiveEmbedMessage,!1),l.addEventListener(\"DOMContentLoaded\",function(){for(var e,t,s=l.querySelectorAll(\"iframe.wp-embedded-content\"),r=0;r<s.length;r++)(t=(e=s[r]).getAttribute(\"data-secret\"))||(t=Math.random().toString(36).substring(2,12),e.src+=\"#?secret=\"+t,e.setAttribute(\"data-secret\",t)),e.contentWindow.postMessage({message:\"ready\",secret:t},\"*\")},!1)))}(window,document);\n\/\/# sourceURL=https:\/\/www.revue3emillenaire.com\/blog\/wp-includes\/js\/wp-embed.min.js\n\/* ]]> *\/\n<\/script>\n","thumbnail_url":"https:\/\/www.revue3emillenaire.com\/blog\/wp-content\/uploads\/2026\/09\/Bruce-Kirchoff.jpg","thumbnail_width":366,"thumbnail_height":423,"description":"Le mod\u00e8le du \u00ab grand individu \u00bb en mati\u00e8re de progr\u00e8s culturel poss\u00e8de \u00e9galement une solide g\u00e9n\u00e9alogie philosophique. La th\u00e9orie de G. W. F. Hegel concernant la progression historique repose largement sur les \u00ab individus historiques universels \u00bb qui font avancer la culture durant les p\u00e9riodes de stagnation. Selon Hegel, ces figures servent d\u2019agents de l\u2019Esprit du monde (Weltgeist) et de l\u2019esprit d\u2019une nation particuli\u00e8re (Volksgeist). Compte tenu des attentes de son public et de son arri\u00e8re-plan dans la philosophie de l\u2019Europe centrale du XIXe\u00a0si\u00e8cle, Steiner \u00e9voluait dans un cadre qui favorisait naturellement cette perspective."}

3e millénaire - Spiritualité - Connaissance de soi - Non-dualité - Méditation

Repenser Rudolf Steiner par Bruce Kirchoff - 3e millénaire - Spiritualité - Connaissance de soi - Non-dualité - Méditation

<blockquote class="wp-embedded-content" data-secret="MyDFKlPUWY"><a href="https://www.revue3emillenaire.com/blog/repenser-rudolf-steiner-par-bruce-kirchoff/">Repenser Rudolf Steiner par Bruce Kirchoff</a></blockquote><iframe sandbox="allow-scripts" security="restricted" src="https://www.revue3emillenaire.com/blog/repenser-rudolf-steiner-par-bruce-kirchoff/embed/#?secret=MyDFKlPUWY" width="600" height="338" title="« Repenser Rudolf Steiner par Bruce Kirchoff » &#8212; 3e millénaire - Spiritualité - Connaissance de soi - Non-dualité - Méditation" data-secret="MyDFKlPUWY" frameborder="0" marginwidth="0" marginheight="0" scrolling="no" class="wp-embedded-content"></iframe><script type="text/javascript">
/* <![CDATA[ */
/*! This file is auto-generated */
!function(d,l){"use strict";l.querySelector&&d.addEventListener&&"undefined"!=typeof URL&&(d.wp=d.wp||{},d.wp.receiveEmbedMessage||(d.wp.receiveEmbedMessage=function(e){var t=e.data;if((t||t.secret||t.message||t.value)&&!/[^a-zA-Z0-9]/.test(t.secret)){for(var s,r,n,a=l.querySelectorAll('iframe[data-secret="'+t.secret+'"]'),o=l.querySelectorAll('blockquote[data-secret="'+t.secret+'"]'),c=new RegExp("^https?:$","i"),i=0;i<o.length;i++)o[i].style.display="none";for(i=0;i<a.length;i++)s=a[i],e.source===s.contentWindow&&(s.removeAttribute("style"),"height"===t.message?(1e3<(r=parseInt(t.value,10))?r=1e3:~~r<200&&(r=200),s.height=r):"link"===t.message&&(r=new URL(s.getAttribute("src")),n=new URL(t.value),c.test(n.protocol))&&n.host===r.host&&l.activeElement===s&&(d.top.location.href=t.value))}},d.addEventListener("message",d.wp.receiveEmbedMessage,!1),l.addEventListener("DOMContentLoaded",function(){for(var e,t,s=l.querySelectorAll("iframe.wp-embedded-content"),r=0;r<s.length;r++)(t=(e=s[r]).getAttribute("data-secret"))||(t=Math.random().toString(36).substring(2,12),e.src+="#?secret="+t,e.setAttribute("data-secret",t)),e.contentWindow.postMessage({message:"ready",secret:t},"*")},!1)))}(window,document);
//# sourceURL=https://www.revue3emillenaire.com/blog/wp-includes/js/wp-embed.min.js
/* ]]> */
</script>

Le modèle du « grand individu » en matière de progrès culturel possède également une solide généalogie philosophique. La théorie de G. W. F. Hegel concernant la progression historique repose largement sur les « individus historiques universels » qui font avancer la culture durant les périodes de stagnation. Selon Hegel, ces figures servent d’agents de l’Esprit du monde (Weltgeist) et de l’esprit d’une nation particulière (Volksgeist). Compte tenu des attentes de son public et de son arrière-plan dans la philosophie de l’Europe centrale du XIXe siècle, Steiner évoluait dans un cadre qui favorisait naturellement cette perspective.
