{"version":"1.0","provider_name":"3e mill\u00e9naire - Spiritualit\u00e9 - Connaissance de soi - Non-dualit\u00e9 - M\u00e9ditation","provider_url":"https:\/\/www.revue3emillenaire.com\/blog","title":"Yoga : discipline et bien-\u00eatre par Anne Houpert - 3e mill\u00e9naire - Spiritualit\u00e9 - Connaissance de soi - Non-dualit\u00e9 - M\u00e9ditation","type":"rich","width":600,"height":338,"html":"<blockquote class=\"wp-embedded-content\" data-secret=\"qnHpJBwcDt\"><a href=\"https:\/\/www.revue3emillenaire.com\/blog\/yoga-discipline-et-bien-etre-par-anne-houpert\/\">Yoga : discipline et bien-\u00eatre par Anne Houpert<\/a><\/blockquote><iframe sandbox=\"allow-scripts\" security=\"restricted\" src=\"https:\/\/www.revue3emillenaire.com\/blog\/yoga-discipline-et-bien-etre-par-anne-houpert\/embed\/#?secret=qnHpJBwcDt\" width=\"600\" height=\"338\" title=\"\u00ab\u00a0Yoga : discipline et bien-\u00eatre par Anne Houpert\u00a0\u00bb &#8212; 3e mill\u00e9naire - Spiritualit\u00e9 - Connaissance de soi - Non-dualit\u00e9 - M\u00e9ditation\" data-secret=\"qnHpJBwcDt\" frameborder=\"0\" marginwidth=\"0\" marginheight=\"0\" scrolling=\"no\" class=\"wp-embedded-content\"><\/iframe><script type=\"text\/javascript\">\n\/* <![CDATA[ *\/\n\/*! This file is auto-generated *\/\n!function(d,l){\"use strict\";l.querySelector&&d.addEventListener&&\"undefined\"!=typeof URL&&(d.wp=d.wp||{},d.wp.receiveEmbedMessage||(d.wp.receiveEmbedMessage=function(e){var t=e.data;if((t||t.secret||t.message||t.value)&&!\/[^a-zA-Z0-9]\/.test(t.secret)){for(var s,r,n,a=l.querySelectorAll('iframe[data-secret=\"'+t.secret+'\"]'),o=l.querySelectorAll('blockquote[data-secret=\"'+t.secret+'\"]'),c=new RegExp(\"^https?:$\",\"i\"),i=0;i<o.length;i++)o[i].style.display=\"none\";for(i=0;i<a.length;i++)s=a[i],e.source===s.contentWindow&&(s.removeAttribute(\"style\"),\"height\"===t.message?(1e3<(r=parseInt(t.value,10))?r=1e3:~~r<200&&(r=200),s.height=r):\"link\"===t.message&&(r=new URL(s.getAttribute(\"src\")),n=new URL(t.value),c.test(n.protocol))&&n.host===r.host&&l.activeElement===s&&(d.top.location.href=t.value))}},d.addEventListener(\"message\",d.wp.receiveEmbedMessage,!1),l.addEventListener(\"DOMContentLoaded\",function(){for(var e,t,s=l.querySelectorAll(\"iframe.wp-embedded-content\"),r=0;r<s.length;r++)(t=(e=s[r]).getAttribute(\"data-secret\"))||(t=Math.random().toString(36).substring(2,12),e.src+=\"#?secret=\"+t,e.setAttribute(\"data-secret\",t)),e.contentWindow.postMessage({message:\"ready\",secret:t},\"*\")},!1)))}(window,document);\n\/\/# sourceURL=https:\/\/www.revue3emillenaire.com\/blog\/wp-includes\/js\/wp-embed.min.js\n\/* ]]> *\/\n<\/script>\n","description":"Le mot Yoga vient de la racine sanskrite YUJ, signifiant \u00ab atteler ensemble, joindre, unir \u00bb. En math\u00e9matiques, il prend le sens d'addition. Union de l'\u00eatre humain avec lui-m\u00eame, union de notre conscience habituelle avec les \u00e9tats les plus \u00e9lev\u00e9s qui lui soient accessibles. En d'autres termes, l'homme se situe \u00e0 mi-chemin entre le ciel et la terre, il appartient \u00e0 lui seul de se r\u00e9aliser pleinement dans sa double nature, physique ou corporelle (mati\u00e8re) et consciente (esprit). L'unit\u00e9, l'harmonie de ces deux natures est un \u00e9tat : l'\u00e9tat de Yoga. Un tel point de vue n'a de valeur r\u00e9elle que s'il est directement applicable."}

3e millénaire - Spiritualité - Connaissance de soi - Non-dualité - Méditation

Yoga : discipline et bien-être par Anne Houpert - 3e millénaire - Spiritualité - Connaissance de soi - Non-dualité - Méditation

<blockquote class="wp-embedded-content" data-secret="qnHpJBwcDt"><a href="https://www.revue3emillenaire.com/blog/yoga-discipline-et-bien-etre-par-anne-houpert/">Yoga : discipline et bien-être par Anne Houpert</a></blockquote><iframe sandbox="allow-scripts" security="restricted" src="https://www.revue3emillenaire.com/blog/yoga-discipline-et-bien-etre-par-anne-houpert/embed/#?secret=qnHpJBwcDt" width="600" height="338" title="« Yoga : discipline et bien-être par Anne Houpert » &#8212; 3e millénaire - Spiritualité - Connaissance de soi - Non-dualité - Méditation" data-secret="qnHpJBwcDt" frameborder="0" marginwidth="0" marginheight="0" scrolling="no" class="wp-embedded-content"></iframe><script type="text/javascript">
/* <![CDATA[ */
/*! This file is auto-generated */
!function(d,l){"use strict";l.querySelector&&d.addEventListener&&"undefined"!=typeof URL&&(d.wp=d.wp||{},d.wp.receiveEmbedMessage||(d.wp.receiveEmbedMessage=function(e){var t=e.data;if((t||t.secret||t.message||t.value)&&!/[^a-zA-Z0-9]/.test(t.secret)){for(var s,r,n,a=l.querySelectorAll('iframe[data-secret="'+t.secret+'"]'),o=l.querySelectorAll('blockquote[data-secret="'+t.secret+'"]'),c=new RegExp("^https?:$","i"),i=0;i<o.length;i++)o[i].style.display="none";for(i=0;i<a.length;i++)s=a[i],e.source===s.contentWindow&&(s.removeAttribute("style"),"height"===t.message?(1e3<(r=parseInt(t.value,10))?r=1e3:~~r<200&&(r=200),s.height=r):"link"===t.message&&(r=new URL(s.getAttribute("src")),n=new URL(t.value),c.test(n.protocol))&&n.host===r.host&&l.activeElement===s&&(d.top.location.href=t.value))}},d.addEventListener("message",d.wp.receiveEmbedMessage,!1),l.addEventListener("DOMContentLoaded",function(){for(var e,t,s=l.querySelectorAll("iframe.wp-embedded-content"),r=0;r<s.length;r++)(t=(e=s[r]).getAttribute("data-secret"))||(t=Math.random().toString(36).substring(2,12),e.src+="#?secret="+t,e.setAttribute("data-secret",t)),e.contentWindow.postMessage({message:"ready",secret:t},"*")},!1)))}(window,document);
//# sourceURL=https://www.revue3emillenaire.com/blog/wp-includes/js/wp-embed.min.js
/* ]]> */
</script>

Le mot Yoga vient de la racine sanskrite YUJ, signifiant « atteler ensemble, joindre, unir ». En mathématiques, il prend le sens d'addition. Union de l'être humain avec lui-même, union de notre conscience habituelle avec les états les plus élevés qui lui soient accessibles. En d'autres termes, l'homme se situe à mi-chemin entre le ciel et la terre, il appartient à lui seul de se réaliser pleinement dans sa double nature, physique ou corporelle (matière) et consciente (esprit). L'unité, l'harmonie de ces deux natures est un état : l'état de Yoga. Un tel point de vue n'a de valeur réelle que s'il est directement applicable.
