{"version":"1.0","provider_name":"3e mill\u00e9naire - Spiritualit\u00e9 - Connaissance de soi - Non-dualit\u00e9 - M\u00e9ditation","provider_url":"https:\/\/www.revue3emillenaire.com\/blog","title":"Zazen voie de l'autre rive par Roland Rech - 3e mill\u00e9naire - Spiritualit\u00e9 - Connaissance de soi - Non-dualit\u00e9 - M\u00e9ditation","type":"rich","width":600,"height":338,"html":"<blockquote class=\"wp-embedded-content\" data-secret=\"3TMxwb6iod\"><a href=\"https:\/\/www.revue3emillenaire.com\/blog\/zazen-voie-de-lautre-rive-par-roland-rech\/\">Zazen voie de l&rsquo;autre rive par Roland Rech<\/a><\/blockquote><iframe sandbox=\"allow-scripts\" security=\"restricted\" src=\"https:\/\/www.revue3emillenaire.com\/blog\/zazen-voie-de-lautre-rive-par-roland-rech\/embed\/#?secret=3TMxwb6iod\" width=\"600\" height=\"338\" title=\"\u00ab\u00a0Zazen voie de l&rsquo;autre rive par Roland Rech\u00a0\u00bb &#8212; 3e mill\u00e9naire - Spiritualit\u00e9 - Connaissance de soi - Non-dualit\u00e9 - M\u00e9ditation\" data-secret=\"3TMxwb6iod\" frameborder=\"0\" marginwidth=\"0\" marginheight=\"0\" scrolling=\"no\" class=\"wp-embedded-content\"><\/iframe><script type=\"text\/javascript\">\n\/* <![CDATA[ *\/\n\/*! This file is auto-generated *\/\n!function(d,l){\"use strict\";l.querySelector&&d.addEventListener&&\"undefined\"!=typeof URL&&(d.wp=d.wp||{},d.wp.receiveEmbedMessage||(d.wp.receiveEmbedMessage=function(e){var t=e.data;if((t||t.secret||t.message||t.value)&&!\/[^a-zA-Z0-9]\/.test(t.secret)){for(var s,r,n,a=l.querySelectorAll('iframe[data-secret=\"'+t.secret+'\"]'),o=l.querySelectorAll('blockquote[data-secret=\"'+t.secret+'\"]'),c=new RegExp(\"^https?:$\",\"i\"),i=0;i<o.length;i++)o[i].style.display=\"none\";for(i=0;i<a.length;i++)s=a[i],e.source===s.contentWindow&&(s.removeAttribute(\"style\"),\"height\"===t.message?(1e3<(r=parseInt(t.value,10))?r=1e3:~~r<200&&(r=200),s.height=r):\"link\"===t.message&&(r=new URL(s.getAttribute(\"src\")),n=new URL(t.value),c.test(n.protocol))&&n.host===r.host&&l.activeElement===s&&(d.top.location.href=t.value))}},d.addEventListener(\"message\",d.wp.receiveEmbedMessage,!1),l.addEventListener(\"DOMContentLoaded\",function(){for(var e,t,s=l.querySelectorAll(\"iframe.wp-embedded-content\"),r=0;r<s.length;r++)(t=(e=s[r]).getAttribute(\"data-secret\"))||(t=Math.random().toString(36).substring(2,12),e.src+=\"#?secret=\"+t,e.setAttribute(\"data-secret\",t)),e.contentWindow.postMessage({message:\"ready\",secret:t},\"*\")},!1)))}(window,document);\n\/\/# sourceURL=https:\/\/www.revue3emillenaire.com\/blog\/wp-includes\/js\/wp-embed.min.js\n\/* ]]> *\/\n<\/script>\n","thumbnail_url":"https:\/\/www.revue3emillenaire.com\/blog\/wp-content\/uploads\/2014\/01\/roland_rech.jpg","thumbnail_width":"216","thumbnail_height":"291","description":"Les diff\u00e9rents aspects de la pratique ne sont pas s\u00e9par\u00e9s. Il n'y a ni degr\u00e9 ni \u00e9tape, et la pratique n'est pas un moyen, comme une \u00e9chelle pour grimper jusqu'au ciel, ou un tabouret sur lequel on grimpe pour attraper un pot de confiture. L'esprit de tous les jours, la vie quotidienne sont la pratique de la Voie. Il n'est pas n\u00e9cessaire de vouloir se couper du monde, de se s\u00e9parer des autres. L'esprit du Zen, c'est la pratique avec les autres, au milieu de la souffrance du monde. La pratique elle-m\u00eame cr\u00e9e une v\u00e9ritable m\u00e9tamorphose dans le corps et l'esprit du pratiquant et cette r\u00e9volution int\u00e9rieure influence tout l'environnement : quand l'esprit devient libre de ses attachements, tout l'environnement devient libre \u00e0 son tour et chaque jour est un bon jour pour ceux qui pratiquent la Voie."}

3e millénaire - Spiritualité - Connaissance de soi - Non-dualité - Méditation

Zazen voie de l'autre rive par Roland Rech - 3e millénaire - Spiritualité - Connaissance de soi - Non-dualité - Méditation

<blockquote class="wp-embedded-content" data-secret="3TMxwb6iod"><a href="https://www.revue3emillenaire.com/blog/zazen-voie-de-lautre-rive-par-roland-rech/">Zazen voie de l&rsquo;autre rive par Roland Rech</a></blockquote><iframe sandbox="allow-scripts" security="restricted" src="https://www.revue3emillenaire.com/blog/zazen-voie-de-lautre-rive-par-roland-rech/embed/#?secret=3TMxwb6iod" width="600" height="338" title="« Zazen voie de l&rsquo;autre rive par Roland Rech » &#8212; 3e millénaire - Spiritualité - Connaissance de soi - Non-dualité - Méditation" data-secret="3TMxwb6iod" frameborder="0" marginwidth="0" marginheight="0" scrolling="no" class="wp-embedded-content"></iframe><script type="text/javascript">
/* <![CDATA[ */
/*! This file is auto-generated */
!function(d,l){"use strict";l.querySelector&&d.addEventListener&&"undefined"!=typeof URL&&(d.wp=d.wp||{},d.wp.receiveEmbedMessage||(d.wp.receiveEmbedMessage=function(e){var t=e.data;if((t||t.secret||t.message||t.value)&&!/[^a-zA-Z0-9]/.test(t.secret)){for(var s,r,n,a=l.querySelectorAll('iframe[data-secret="'+t.secret+'"]'),o=l.querySelectorAll('blockquote[data-secret="'+t.secret+'"]'),c=new RegExp("^https?:$","i"),i=0;i<o.length;i++)o[i].style.display="none";for(i=0;i<a.length;i++)s=a[i],e.source===s.contentWindow&&(s.removeAttribute("style"),"height"===t.message?(1e3<(r=parseInt(t.value,10))?r=1e3:~~r<200&&(r=200),s.height=r):"link"===t.message&&(r=new URL(s.getAttribute("src")),n=new URL(t.value),c.test(n.protocol))&&n.host===r.host&&l.activeElement===s&&(d.top.location.href=t.value))}},d.addEventListener("message",d.wp.receiveEmbedMessage,!1),l.addEventListener("DOMContentLoaded",function(){for(var e,t,s=l.querySelectorAll("iframe.wp-embedded-content"),r=0;r<s.length;r++)(t=(e=s[r]).getAttribute("data-secret"))||(t=Math.random().toString(36).substring(2,12),e.src+="#?secret="+t,e.setAttribute("data-secret",t)),e.contentWindow.postMessage({message:"ready",secret:t},"*")},!1)))}(window,document);
//# sourceURL=https://www.revue3emillenaire.com/blog/wp-includes/js/wp-embed.min.js
/* ]]> */
</script>

Les différents aspects de la pratique ne sont pas séparés. Il n'y a ni degré ni étape, et la pratique n'est pas un moyen, comme une échelle pour grimper jusqu'au ciel, ou un tabouret sur lequel on grimpe pour attraper un pot de confiture. L'esprit de tous les jours, la vie quotidienne sont la pratique de la Voie. Il n'est pas nécessaire de vouloir se couper du monde, de se séparer des autres. L'esprit du Zen, c'est la pratique avec les autres, au milieu de la souffrance du monde. La pratique elle-même crée une véritable métamorphose dans le corps et l'esprit du pratiquant et cette révolution intérieure influence tout l'environnement : quand l'esprit devient libre de ses attachements, tout l'environnement devient libre à son tour et chaque jour est un bon jour pour ceux qui pratiquent la Voie.
